nws-alerts: Checking more than four warning/county codes can delay the loading of your pages. You should use a cron job to get the data.


Report for 2017 August
                   MONTHLY CLIMATOLOGICAL SUMMARY for Aug 2017


NAME: Ellijay, GA                  
ELEV: 1480 feet    LAT: 34-38.16 N    LONG: 084-27.00 W


                   TEMPERATURE (F), RAIN (in), WIND SPEED (mph)

                                         HEAT   COOL         AVG
      MEAN                               DEG    DEG          WIND                   DOM
DAY   TEMP   HIGH   TIME    LOW   TIME   DAYS   DAYS   RAIN  SPEED   HIGH   TIME    DIR
---------------------------------------------------------------------------------------
 01   71.4   73.0  21:46   69.9  23:55    0.0    6.4   0.00    0.0    0.0  21:46    N/A
 02   71.9   80.5  14:13   64.6  06:57    0.0    6.9   0.00    0.0    3.0  11:38     34
 03   71.9   83.7  14:34   61.2  07:04    0.0    6.9   0.00    0.0    4.0  11:49     34
 04   73.8   83.1  16:02   67.1  04:23    0.0    8.8   0.09    0.0    6.0  17:33    344
 05   71.8   82.3  13:53   63.1  23:56    0.0    6.8   0.01    0.1    7.0  13:37    331
 06   70.4   84.6  17:06   59.3  06:54    0.0    5.4   1.34    0.0    7.0  18:28     78
 07   72.5   76.4  15:06   68.0  23:58    0.0    7.5   1.34    0.1    7.0  09:20      3
 08   71.4   78.0  17:21   67.7  01:01    0.0    6.4   0.14    0.0    6.0  13:28    309
 09   71.8   78.3  16:25   67.4  07:06    0.0    6.8   0.00    0.1    6.0  16:43    125
 10   72.3   76.9  17:36   69.1  07:18    0.0    7.3   0.21    0.0    4.0  00:11    108
 11   74.3   81.5  17:07   68.0  07:43    0.0    9.3   0.00    0.0    6.0  14:37    333
 12   76.2   84.8  15:29   70.1  03:31    0.0   11.2   0.07    0.1    5.0  15:23    336
 13   75.8   84.7  15:31   68.2  07:35    0.0   10.8   0.01    0.0    5.0  14:27    333
 14   75.6   85.8  15:49   67.9  05:37    0.0   10.6   0.00    0.0    5.0  15:42    325
 15   76.1   85.1  15:26   70.5  23:55    0.0   11.1   0.20    0.1    6.0  10:41    275
 16   76.0   86.0  15:57   67.7  05:58    0.0   11.0   0.00    0.1    6.0  12:29    325
 17   77.1   85.3  14:33   69.6  07:24    0.0   12.1   0.00    0.1    9.0  14:59     32
 18   76.4   85.7  15:28   68.4  00:00    0.0   11.4   0.00    0.2   10.0  13:32    271
 19   73.2   85.6  16:14   61.2  07:17    0.0    8.2   0.00    0.1    8.0  10:48    312
 20   74.3   87.5  13:50   62.7  07:00    0.0    9.3   0.00    0.0    6.0  14:01    322
 21   75.3   87.8  13:14   65.4  07:07    0.0   10.3   0.00    0.0    6.0  12:36     33
 22   76.3   87.4  16:00   66.5  07:20    0.0   11.3   0.00    0.0    7.0  15:11     51
 23   73.4   84.5  14:38   67.2  07:17    0.0    8.4   0.00    0.2    8.0  13:22    352
 24
 25   73.0   75.9  20:51   69.2  23:59    0.0    8.0   0.00    0.0    0.0  20:51    N/A
 26   72.6   84.6  15:32   62.0  07:17    0.0    7.6   0.00    0.0    7.0  15:03    323
 27   72.4   80.5  15:24   64.0  07:20    0.0    7.4   0.00    0.0    5.0  16:13    124
 28   69.6   74.8  16:23   64.2  02:52    0.0    4.6   0.00    0.0    5.0  10:30    234
 29   70.9   81.5  16:49   61.0  06:29    0.0    5.9   0.00    0.1    6.0  13:37    319
 30   68.7   72.8  13:40   65.8  23:35    0.0    3.7   0.28    0.0    5.0  11:27    132
 31   69.8   76.6  18:01   65.1  01:57    0.0    4.8   0.57    0.1   11.0  23:10    123
---------------------------------------------------------------------------------------
      73.3   87.8     21   59.3     06    0.0  246.6   4.26    0.1   11.0     31    328