nws-alerts: Checking more than four warning/county codes can delay the loading of your pages. You should use a cron job to get the data.


Report for 2017 October
                   MONTHLY CLIMATOLOGICAL SUMMARY for Oct 2017


NAME: Ellijay, GA                  
ELEV: 1480 feet    LAT: 34-38.16 N    LONG: 084-27.00 W


                   TEMPERATURE (F), RAIN (in), WIND SPEED (mph)

                                         HEAT   COOL         AVG
      MEAN                               DEG    DEG          WIND                   DOM
DAY   TEMP   HIGH   TIME    LOW   TIME   DAYS   DAYS   RAIN  SPEED   HIGH   TIME    DIR
---------------------------------------------------------------------------------------
 01   60.9   70.1  16:09   54.4  07:42    4.1    0.0   0.00    0.1    7.0  11:10    133
 02   63.9   73.2  15:57   56.5  00:00    1.1    0.0   0.00    0.1    7.0  04:07    131
 03   62.6   74.7  15:34   52.9  05:13    2.4    0.0   0.00    0.0    2.0  11:01    135
 04   61.3   76.0  16:07   48.1  07:45    3.7    0.0   0.00    0.0    1.0  12:05    N/A
 05   59.0   77.8  15:46   46.4  07:30    6.0    0.0   0.00    0.0    5.0  15:15    313
 06
 07   74.7   77.7  13:39   71.1  10:21    0.0    9.7   0.00    0.2    6.0  22:09    130
 08   71.6   73.8  00:01   68.1  15:15    0.0    6.6   2.02    0.2    8.0  14:31    120
 09   73.9   79.5  16:08   71.7  06:00    0.0    8.9   0.25    0.0    0.0  00:01    N/A
 10   74.3   81.5  15:45   68.4  23:53    0.0    9.3   0.01    0.0    0.0  00:01    N/A
 11   71.6   80.6  16:33   66.6  02:17    0.0    6.6   0.01    0.0    0.0  00:01    N/A
 12   67.1   78.9  13:51   59.0  23:54    0.0    2.1   0.00    0.0    6.0  12:16    317
 13   68.9   79.9  16:03   57.0  02:47    0.0    3.9   0.00    0.1    6.0  10:34    126
 14   67.6   73.9  15:07   62.0  23:59    0.0    2.6   0.00    0.0    4.0  14:04    318
 15   66.3   73.4  16:39   59.5  03:20    0.0    1.3   0.85    0.0    5.0  22:48    301
 16   56.9   67.7  00:01   45.1  00:00    8.1    0.0   0.16    1.1   22.0  12:34    318
 17   49.8   65.1  15:44   36.7  08:00   15.2    0.0   0.00    0.0    5.0  14:45    322
 18   51.5   67.9  15:27   38.0  07:59   13.5    0.0   0.00    0.0    6.0  10:22    134
 19   52.6   70.1  15:38   38.0  07:44   12.4    0.0   0.00    0.0    6.0  13:35    313
 20   54.2   74.9  14:35   38.0  08:01   10.8    0.0   0.00    0.0    4.0  15:04    324
 21   57.2   73.1  14:23   44.5  06:22    7.8    0.0   0.00    0.1    7.0  14:55    127
 22   63.3   72.9  15:49   52.2  07:21    1.7    0.0   0.00    0.4   10.0  12:03    127
 23   62.8   66.6  00:02   54.1  23:59    2.2    0.0   1.64    0.3   12.0  00:39    119
 24   50.6   60.8  14:48   43.6  07:02   14.4    0.0   0.00    0.1   12.0  13:37    318
 25   44.8   55.0  16:09   34.5  07:42   20.2    0.0   0.00    0.2    9.0  13:42    323
 26   46.3   63.8  15:43   32.1  08:08   18.7    0.0   0.00    0.0    6.0  14:47    332
 27   53.3   67.5  15:35   38.8  07:55   11.7    0.0   0.00    0.1    8.0  13:53     87
 28   53.2   63.8  00:01   40.2  23:59   11.8    0.0   1.02    0.3   14.0  01:36     27
 29   36.9   40.2  00:01   30.5  23:33   28.1    0.0   0.00    0.8   19.0  12:04    317
 30   41.3   58.1  16:05   28.8  07:25   23.7    0.0   0.00    0.1    7.0  13:25    328
 31   47.8   64.8  14:47   34.5  08:24   17.2    0.0   0.00    0.1    6.0  13:09    331
---------------------------------------------------------------------------------------
      58.7   81.5     10   28.8     30  234.7   51.0   5.96    0.2   22.0     16    350