nws-alerts: Checking more than four warning/county codes can delay the loading of your pages. You should use a cron job to get the data.


Report for 2017 November
                   MONTHLY CLIMATOLOGICAL SUMMARY for Nov 2017


NAME: Ellijay, GA                  
ELEV: 1480 feet    LAT: 34-38.16 N    LONG: 084-27.00 W


                   TEMPERATURE (F), RAIN (in), WIND SPEED (mph)

                                         HEAT   COOL         AVG
      MEAN                               DEG    DEG          WIND                   DOM
DAY   TEMP   HIGH   TIME    LOW   TIME   DAYS   DAYS   RAIN  SPEED   HIGH   TIME    DIR
---------------------------------------------------------------------------------------
 01   52.3   65.6  15:10   41.3  08:29   12.7    0.0   0.00    0.0    4.0  13:52     79
 02   59.4   70.8  14:10   49.5  01:22    5.6    0.0   0.00    0.0    4.0  12:36    110
 03   61.7   68.5  17:57   56.1  02:08    3.3    0.0   0.25    0.0    2.0  14:08     18
 04   62.0   72.7  14:11   53.9  08:24    3.0    0.0   0.08    0.0    8.0  14:17    319
 05   62.5   69.8  12:47   57.4  06:48    2.5    0.0   0.00    0.0    6.0  15:37    117
 06   63.2   68.0  16:23   58.0  06:04    1.8    0.0   0.01    0.0    5.0  13:24    333
 07   64.4   68.4  12:20   59.2  23:56    0.6    0.0   0.72    0.0    7.0  13:16     50
 08   54.8   59.4  00:55   50.2  23:59   10.2    0.0   0.17    0.0    4.0  09:49    324
 09   50.4   54.4  14:55   45.5  22:50   14.6    0.0   0.24    0.1    7.0  17:44    316
 10   47.7   58.7  13:56   36.9  00:00   17.3    0.0   0.00    0.6   13.0  13:41    317
 11   46.8   54.8  14:44   35.9  01:04   18.2    0.0   0.00    0.5   12.0  12:57    129
 12   47.5   51.9  15:41   43.3  06:13   17.5    0.0   0.09    0.1    7.0  00:08    134
 13   49.7   60.2  14:02   37.8  23:52   15.3    0.0   0.00    0.5   14.0  10:37    322
 14   44.0   57.5  14:49   34.0  05:56   21.0    0.0   0.00    0.0    4.0  10:31    332
 15   46.4   57.7  14:31   33.2  07:31   18.6    0.0   0.00    0.0    5.0  12:24      1
 16   51.2   63.7  14:33   36.2  00:00   13.8    0.0   0.00    0.2   10.0  11:00    326
 17   45.6   64.5  13:15   30.8  06:47   19.4    0.0   0.00    0.1    6.0  10:27    121
 18   54.8   64.9  21:02   41.5  04:20   10.2    0.0   0.50    0.3   20.0  23:36    107
 19   43.1   51.1  00:01   36.2  21:00   21.9    0.0   0.01    1.1   21.0  00:26    314
 20   41.5   59.5  14:13   26.5  07:23   23.5    0.0   0.00    0.1    9.0  00:33    321
 21   52.9   63.8  15:42   42.2  00:59   12.1    0.0   0.00    0.1    7.0  11:34    122
 22   48.2   57.3  14:04   34.7  23:57   16.8    0.0   0.00    0.7   14.0  10:27    320
 23   42.4   59.0  14:33   30.7  04:13   22.6    0.0   0.00    0.0    5.0  11:16     46
 24   42.6   60.0  15:05   29.6  07:32   22.4    0.0   0.00    0.0    4.0  11:44    319
 25   43.9   60.2  14:07   32.7  05:29   21.1    0.0   0.00    0.0    7.0  14:46    341
 26   46.9   58.6  14:15   37.0  22:14   18.1    0.0   0.00    0.6   15.0  14:09    321
 27   41.4   60.5  14:25   27.8  07:30   23.6    0.0   0.00    0.0    5.0  14:15    326
 28   43.3   62.5  14:27   29.3  07:37   21.7    0.0   0.00    0.1    8.0  11:49    127
 29   47.2   65.9  14:01   32.1  07:32   17.8    0.0   0.00    0.0    6.0  13:15    326
 30   50.2   59.1  14:02   40.2  01:13   14.8    0.0   0.07    0.0    0.0  00:01    N/A
---------------------------------------------------------------------------------------
      50.3   72.7     04   26.5     20  442.1    0.0   2.14    0.2   21.0     19    324