nws-alerts: Checking more than four warning/county codes can delay the loading of your pages. You should use a cron job to get the data.


Report for 2017 December
                   MONTHLY CLIMATOLOGICAL SUMMARY for Dec 2017


NAME: Ellijay, GA                  
ELEV: 1480 feet    LAT: 34-38.16 N    LONG: 084-27.00 W


                   TEMPERATURE (F), RAIN (in), WIND SPEED (mph)

                                         HEAT   COOL         AVG
      MEAN                               DEG    DEG          WIND                   DOM
DAY   TEMP   HIGH   TIME    LOW   TIME   DAYS   DAYS   RAIN  SPEED   HIGH   TIME    DIR
---------------------------------------------------------------------------------------
 01   54.0   65.2  14:06   43.9  23:55   11.0    0.0   0.00    0.1    6.0  16:23    317
 02   50.3   64.3  14:34   41.8  04:02   14.7    0.0   0.00    0.0    7.0  12:30    319
 03   47.9   63.8  14:27   35.1  07:43   17.1    0.0   0.00    0.3   15.0  11:38    318
 04   51.6   61.8  14:23   37.5  05:45   13.4    0.0   0.00    0.2   14.0  11:37    126
 05   55.7   59.9  12:16   49.9  00:00    9.3    0.0   0.68    0.0    0.0  00:01    N/A
 06   41.2   49.8  00:01   37.3  07:05   23.8    0.0   0.00    0.6   12.0  09:24    313
 07   42.2   47.9  14:30   38.1  08:26   22.8    0.0   0.00    0.1    8.0  17:00    314
 08   34.1   40.4  00:05   31.9  07:08   30.9    0.0   0.01    0.0    8.0  01:52    308
 09   32.1   34.3  15:10   28.9  23:57   32.9    0.0   0.04    0.2   14.0  20:45    317
 10   28.6   37.4  14:34   19.9  07:56   36.4    0.0   0.02    0.1    6.0  01:41    319
 11   32.5   48.0  14:20   21.9  07:15   32.5    0.0   0.42    0.0    4.0  13:35    332
 12   34.2   41.6  15:19   28.2  06:44   30.8    0.0   0.17    0.8   17.0  12:23    309
 13   32.0   42.4  15:12   25.3  07:45   33.0    0.0   0.01    0.3   13.0  00:08    324
 14   34.1   49.7  14:42   22.7  07:32   30.9    0.0   0.01    0.1    8.0  13:23    315
 15   31.3   35.8  12:02   27.2  22:27   33.7    0.0   0.00    0.1   11.0  13:55    313
 16   32.9   48.2  14:38   22.1  07:52   32.1    0.0   0.00    0.0    5.0  13:21    320
 17   37.0   47.4  13:17   27.5  02:00   28.0    0.0   0.23    0.0    2.0  09:10    338
 18   46.6   55.2  15:06   37.7  23:25   18.4    0.0   0.00    0.0    5.0  14:13    311
 19   48.3   56.9  15:07   38.3  00:01   16.7    0.0   0.22    0.0    3.0  11:56    323
 20   56.3   61.6  14:33   52.7  02:10    8.7    0.0   1.76    0.1    6.0  06:35    306
 21   53.2   56.8  14:51   49.8  04:32   11.8    0.0   0.00    0.5   12.0  11:06    128
 22   51.4   57.1  23:55   47.1  06:59   13.6    0.0   0.17    0.1    8.0  22:36    115
 23   56.9   64.6  10:44   47.1  23:43    8.1    0.0   0.47    0.1    7.0  00:42    111
 24   44.0   47.1  00:02   37.0  23:27   21.0    0.0   0.01    0.1    9.0  22:07    308
 25   30.8   37.0  00:01   27.0  08:12   34.2    0.0   0.01    0.9   21.0  08:07    319
 26   34.9   46.6  13:55   28.1  08:09   30.1    0.0   0.00    0.1    7.0  11:25    124
 27   35.5   44.7  13:30   29.1  00:00   29.5    0.0   0.00    0.6   17.0  11:43    319
 28   34.6   44.0  15:11   24.7  07:55   30.4    0.0   0.00    0.1    7.0  09:43    125
 29   36.7   48.6  15:19   28.4  23:09   28.3    0.0   0.00    0.1    9.0  11:49    313
 30   34.0   44.2  13:11   26.7  07:59   31.0    0.0   0.00    0.4   12.0  23:59    313
 31   28.5   32.9  00:01   20.1  23:57   36.5    0.0   0.00    0.6   14.0  23:10    317
---------------------------------------------------------------------------------------
      40.8   65.2     01   19.9     10  751.6    0.0   4.23    0.2   21.0     25    318