Report for 2018
                     CLIMATOLOGICAL SUMMARY for year 2018


NAME: Ellijay, GA                  
ELEV: 1480 feet    LAT: 34-38.16 N    LONG: 084-27.00 W


                                       TEMPERATURE (°F)

                              HEAT    COOL                              MAX    MAX    MIN    MIN
          MEAN   MEAN         DEG     DEG                                >=     <=     <=     <=
 YR  MO   MAX    MIN    MEAN  DAYS    DAYS      HI  DAY     LOW  DAY     90     32     32      0
------------------------------------------------------------------------------------------------
2018 01   45.9   25.3   35.4  916.6    0.0    64.1   21     5.7   02      0      5     23      0
2018 02   61.2   44.3   53.4  346.0    9.8    77.5   22    26.5   02      0      0      6      0
2018 03   56.7   38.6   47.7  533.2    0.0    73.0   28    22.8   09      0      0      9      0
2018 04   67.3   42.4   55.2  301.2    6.0    80.8   18    28.9   17      0      0      3      0
2018 05   80.7   59.8   69.3    4.5  136.9    88.0   14    40.4   01      0      0      0      0
2018 06   85.8   62.9   72.6    0.0  152.0    90.5   15    51.7   06      2      0      0      0
2018 07   84.3   65.8   74.1    0.0  200.0    89.2   12    59.8   29      0      0      0      0
2018 08   82.5   65.9   73.0    0.0  248.3    88.6   06    57.4   24      0      0      0      0
2018 09   82.5   66.4   73.1    0.0  243.2    88.1   14    61.0   29      0      0      0      0
2018 10   70.4   52.2   60.6  206.8   70.8    84.3   05    33.0   22      0      0      0      0
2018 11   59.4   41.5   51.3  168.5    0.0    71.3   07    28.7   11      0      0      2      0
2018 12
------------------------------------------------------------------------------------------------
          70.4   51.2   60.4 2476.9 1067.1    90.5  Jun     5.7  Jan      2      5     43      0


                  PRECIPITATION (in)

                  MAX         ---DAYS OF RAIN---
                  OBS.               OVER
 YR  MO  TOTAL    DAY  DATE   0.01   0.10   1.00
------------------------------------------------
2018 01   1.87   0.71    12     10      5      0
2018 02  10.29   2.95    28     20     13      4
2018 03   5.41   1.02    29     11     10      2
2018 04   3.89   1.18    24     12      7      1
2018 05   3.85   0.77    28     16     12      0
2018 06   3.12   1.00    17      9      5      1
2018 07   4.72   2.55    21     10      8      1
2018 08   3.22   0.99    01     17      6      0
2018 09   2.54   0.73    09      9      5      0
2018 10   4.84   1.62    26      9      6      2
2018 11   3.85   1.36    12      9      7      1
2018 12
------------------------------------------------
         47.60   2.95   Feb    132     84     12


           WIND SPEED (mph)

                                DOM
 YR  MO    AVG     HI   DATE    DIR
-----------------------------------
2018 01    0.5   20.0     18    332 
2018 02    0.3   19.0     01    105 
2018 03    0.5   23.0     12    317 
2018 04    0.4   19.0     18    357 
2018 05    0.1   24.0     10    356 
2018 06    0.1   17.0     03    336 
2018 07    0.1   19.0     21    342 
2018 08    0.1   14.0     09    341 
2018 09    0.0    8.0     13     41 
2018 10    0.2   18.0     21    338 
2018 11    0.2   18.0     10     84 
2018 12
-----------------------------------
           0.2   24.0    May    339