Select a Year or Month report
2018: Jan Feb Mar Apr May Jun Jul Aug Sep Oct Nov Dec
2017: Jan Feb Mar Apr May Jun Jul Aug Sep Oct Nov Dec
2016: Jan Feb Mar Apr May Jun Jul Aug Sep Oct Nov Dec
2015: Jan Feb Mar Apr May Jun Jul Aug Sep Oct Nov Dec
2014: Jan Feb Mar Apr May Jun Jul Aug Sep Oct Nov Dec
2013: Jan Feb Mar Apr May Jun Jul Aug Sep Oct Nov Dec
2012: Jan Feb Mar Apr May Jun Jul Aug Sep Oct Nov Dec
2011: Jan Feb Mar Apr May Jun Jul Aug Sep Oct Nov Dec
2010: Jan Feb Mar Apr May Jun Jul Aug Sep Oct Nov Dec
2009: Jan Feb Mar Apr May Jun Jul Aug Sep Oct Nov Dec

Report for 2018 January
                   MONTHLY CLIMATOLOGICAL SUMMARY for Jan 2018


NAME: Ellijay, GA                  
ELEV: 1480 feet    LAT: 34-38.16 N    LONG: 084-27.00 W


                   TEMPERATURE (°F), RAIN (in), WIND SPEED (mph)

                                         HEAT   COOL         AVG
      MEAN                               DEG    DEG          WIND                   DOM
DAY   TEMP   HIGH   TIME    LOW   TIME   DAYS   DAYS   RAIN  SPEED   HIGH   TIME    DIR
---------------------------------------------------------------------------------------
 01   18.1   25.0  15:16   13.3  08:11   46.9    0.0   0.00    1.1   16.0  17:10    321
 02   18.8   32.2  13:59    5.7  07:56   46.2    0.0   0.00    0.1   10.0  00:17    321
 03   25.6   34.2  14:35   18.6  02:05   39.4    0.0   0.00    0.1    6.0  23:50    325
 04   23.0   28.4  13:23   17.1  23:52   42.0    0.0   0.00    0.9   14.0  06:54    312
 05   21.1   31.5  13:38   14.1  04:28   43.9    0.0   0.00    0.2   11.0  13:15    312
 06   21.8   33.9  15:18   10.6  07:53   43.2    0.0   0.00    0.2    9.0  10:18    319
 07   27.0   37.1  14:33   13.0  02:21   38.0    0.0   0.00    0.2    7.0  10:53    130
 08   37.6   44.9  12:59   29.4  01:11   27.4    0.0   0.23    0.1    8.0  01:17    130
 09   45.3   56.0  15:25   37.7  23:57   19.7    0.0   0.00    0.0    3.0  12:07     25
 10   53.9   59.9  14:55   37.5  00:03   11.1    0.0   0.00    1.5   15.0  12:09    127
 11   55.6   59.3  13:56   51.8  03:18    9.4    0.0   0.03    0.9   12.0  12:50    127
 12   49.8   61.9  04:21   25.7  23:17   15.2    0.0   0.71    0.6   15.0  22:32    316
 13   26.4   30.0  15:37   20.1  23:57   38.6    0.0   0.00    1.5   19.0  20:38    322
 14   23.2   34.4  14:21   13.2  07:56   41.8    0.0   0.00    0.1   12.0  00:31    318
 15   30.9   42.1  15:34   18.9  02:15   34.1    0.0   0.01    0.1    5.0  12:25    105
 16   31.0   46.1  12:39   23.1  07:57   34.0    0.0   0.03    0.1    9.0  12:09    344
 17   17.9   23.6  00:00   13.2  08:15   47.1    0.0   0.00    0.9   17.0  13:00    328
 18   24.5   37.3  15:33   12.7  04:04   40.5    0.0   0.01    0.6   20.0  11:21    315
 19   29.2   48.3  14:42   14.4  07:44   35.8    0.0   0.03    0.1    6.0  13:44    321
 20   39.2   58.6  14:37   23.1  02:40   25.8    0.0   0.00    0.1    8.0  11:27    320
 21   43.7   64.1  15:30   28.9  07:42   21.3    0.0   0.00    0.0    5.0  13:20    317
 22   49.7   59.8  22:32   37.4  02:37   15.3    0.0   0.18    0.3    9.0  19:02    124
 23   46.6   58.7  00:00   37.0  23:47   18.4    0.0   0.00    0.4   12.0  13:03    307
 24   38.7   48.2  12:53   29.5  23:58   26.3    0.0   0.00    0.8   15.0  14:31    319
 25   39.3   54.1  14:54   28.1  02:13   25.7    0.0   0.00    0.2    9.0  09:42    319
 26   41.9   54.7  14:03   28.1  07:09   23.1    0.0   0.00    0.6   15.0  21:18    124
 27   51.1   58.5  12:57   48.6  03:21   13.9    0.0   0.15    0.5   12.0  00:31    126
 28   52.1   55.0  15:42   49.7  23:29   12.9    0.0   0.49    0.1    8.0  21:03    312
 29   46.5   53.0  15:36   35.7  00:00   18.5    0.0   0.00    0.7   19.0  11:13    320
 30   33.3   41.2  15:23   27.1  00:00   31.7    0.0   0.00    1.0   16.0  00:59    314
 31   35.5   51.8  15:22   21.7  07:34   29.5    0.0   0.00    0.1    6.0  13:31    129
---------------------------------------------------------------------------------------
      35.4   64.1     21    5.7     02  916.6    0.0   1.87    0.5   20.0     18    332