nws-alerts: Checking more than four warning/county codes can delay the loading of your pages. You should use a cron job to get the data.


Report for 2018 February
                   MONTHLY CLIMATOLOGICAL SUMMARY for Feb 2018


NAME: Ellijay, GA                  
ELEV: 1480 feet    LAT: 34-38.16 N    LONG: 084-27.00 W


                   TEMPERATURE (°F), RAIN (in), WIND SPEED (mph)

                                         HEAT   COOL         AVG
      MEAN                               DEG    DEG          WIND                   DOM
DAY   TEMP   HIGH   TIME    LOW   TIME   DAYS   DAYS   RAIN  SPEED   HIGH   TIME    DIR
---------------------------------------------------------------------------------------
 01   45.9   57.8  16:07   29.8  01:28   19.1    0.0   0.17    0.3   19.0  22:16    312
 02   32.7   39.5  00:01   26.5  22:01   32.3    0.0   0.02    0.8   14.0  13:05    316
 03   40.4   45.0  16:21   38.6  23:50   24.6    0.0   0.00    1.5   14.0  21:46    124
 04   41.0   45.3  13:37   34.7  03:11   24.0    0.0   1.18    0.4   13.0  00:04    124
 05   37.2   47.2  15:47   29.2  23:34   27.8    0.0   0.00    0.5   12.0  10:25    314
 06   46.3   58.2  16:36   29.3  00:48   18.7    0.0   0.01    0.1    9.0  23:30    129
 07   50.9   57.5  11:47   36.7  23:58   14.1    0.0   1.51    0.6   15.0  22:11    324
 08   39.8   54.3  16:23   30.9  23:57   25.2    0.0   0.00    0.7   13.0  00:55    314
 09   45.7   61.1  14:28   28.8  03:53   19.3    0.0   0.07    0.3   11.0  12:15    124
 10   54.4   61.7  23:45   47.3  01:05   10.6    0.0   0.64    0.0    0.0  00:00     90
 11   61.8   63.1  13:55   60.2  20:56    3.2    0.0   1.43    0.0    0.0  00:00     90
 12   52.9   60.6  00:00   45.6  19:11   12.1    0.0   0.59    0.0    0.0  00:00     90
 13   48.8   52.3  04:27   45.9  00:00   16.2    0.0   0.01    0.0    0.0  00:00     90
 14   52.5   61.0  15:58   44.7  01:18   12.5    0.0   0.12    0.0    0.0  00:00     90
 15   61.2   64.7  13:47   56.9  00:00    3.8    0.0   0.15    0.0    0.0  00:00     90
 16   60.2   64.4  04:01   47.7  23:56    4.8    0.0   0.01    0.0    0.0  00:00     90
 17   53.5   64.5  16:56   43.2  03:48   11.5    0.0   0.35    0.0    0.0  00:00     90
 18   54.3   67.5  15:04   39.1  07:53   10.7    0.0   0.11    0.2    7.0  13:50    124
 19   58.7   66.0  13:58   54.5  00:00    6.3    0.0   0.00    0.6   11.0  06:16    127
 20   64.3   71.8  15:07   58.5  06:26    0.7    0.0   0.00    0.7    9.0  02:44    126
 21   67.5   74.3  14:43   62.7  23:55    0.0    2.5   0.04    0.3    7.0  02:45    116
 22   69.0   77.5  15:38   60.9  23:58    0.0    4.0   0.00    0.2    7.0  09:42    120
 23   64.9   76.5  14:58   54.5  07:34    0.1    0.0   0.00    0.2    7.0  16:38    120
 24   68.3   76.2  14:11   62.1  07:15    0.0    3.3   0.02    0.3    9.0  12:30    120
 25   59.8   68.8  00:00   54.9  23:56    5.2    0.0   0.68    0.2   11.0  06:13     71
 26   53.6   62.0  13:31   39.3  23:58   11.4    0.0   0.23    0.4   11.0  13:54    316
 27   48.9   61.6  14:40   33.9  07:35   16.1    0.0   0.00    0.4   12.0  10:33    125
 28   49.1   54.1  00:34   44.9  07:11   15.9    0.0   2.95    0.1    6.0  08:48    135
---------------------------------------------------------------------------------------
      53.4   77.5     22   26.5     02  346.0    9.8  10.29    0.3   19.0     01    105