nws-alerts: Checking more than four warning/county codes can delay the loading of your pages. You should use a cron job to get the data.


Report for 2018 March
                   MONTHLY CLIMATOLOGICAL SUMMARY for Mar 2018


NAME: Ellijay, GA                  
ELEV: 1480 feet    LAT: 34-38.16 N    LONG: 084-27.00 W


                   TEMPERATURE (°F), RAIN (in), WIND SPEED (mph)

                                         HEAT   COOL         AVG
      MEAN                               DEG    DEG          WIND                   DOM
DAY   TEMP   HIGH   TIME    LOW   TIME   DAYS   DAYS   RAIN  SPEED   HIGH   TIME    DIR
---------------------------------------------------------------------------------------
 01   55.6   60.8  10:29   47.5  23:55    9.4    0.0   0.64    0.3   14.0  20:14    310
 02   46.9   54.2  14:51   42.2  06:23   18.1    0.0   0.00    1.7   20.0  10:25    320
 03   47.2   59.1  13:20   35.3  07:01   17.8    0.0   0.00    0.6   15.0  11:04    316
 04   45.6   63.1  14:10   28.8  07:05   19.4    0.0   0.00    0.1    9.0  13:42    316
 05   47.7   60.2  12:05   35.6  07:17   17.3    0.0   0.00    0.1    7.0  12:11    328
 06   49.1   57.7  16:37   40.5  22:44   15.9    0.0   0.68    0.1   11.0  16:30    316
 07   39.0   44.1  13:19   33.1  03:27   26.0    0.0   0.00    1.2   19.0  07:35    309
 08   35.2   42.3  15:24   28.7  07:13   29.8    0.0   0.00    0.5   13.0  14:39    313
 09   37.8   52.8  16:31   22.8  07:01   27.2    0.0   0.00    0.1    9.0  13:33    324
 10   44.1   54.1  12:43   30.8  02:55   20.9    0.0   0.50    0.0    3.0  09:24      9
 11   51.0   57.8  14:00   46.8  23:15   14.0    0.0   0.25    0.1    6.0  19:00    122
 12   42.1   47.0  16:17   35.8  09:18   22.9    0.0   0.39    1.4   23.0  14:43    312
 13   39.6   49.1  17:56   28.3  07:32   25.4    0.0   0.00    0.9   19.0  01:43    315
 14   37.7   45.4  17:06   30.4  08:18   27.3    0.0   0.00    1.1   19.0  13:11    313
 15   42.9   63.0  16:10   23.9  07:49   22.1    0.0   0.00    0.3   12.0  15:15    312
 16   41.5   41.8  00:00   41.2  00:35   23.5    0.0   0.00    0.0    0.0  00:00     90
 17   64.2   69.6  17:34   56.4  11:45    0.8    0.0   0.00    0.3   10.0  14:25     36
 18   57.2   67.6  14:34   43.7  08:12    7.8    0.0   0.00    0.2    9.0  10:07    309
 19   55.1   59.4  22:55   51.7  05:26    9.9    0.0   0.52    0.4   11.0  21:28    130
 20   52.8   63.7  13:47   40.0  23:43   12.2    0.0   0.23    0.4   12.0  18:52    309
 21   37.5   42.6  16:34   33.8  03:59   27.5    0.0   0.01    1.2   20.0  13:04    305
 22   40.7   52.2  16:21   28.3  07:50   24.3    0.0   0.00    0.8   16.0  11:29    317
 23   46.3   60.0  14:38   30.3  04:08   18.7    0.0   0.00    0.4   14.0  15:53    317
 24   52.0   63.0  16:03   46.4  05:15   13.0    0.0   1.00    0.1    7.0  15:35    114
 25   46.9   50.5  01:46   43.6  06:34   18.1    0.0   0.17    0.6   13.0  22:25    127
 26   45.7   47.6  16:49   43.1  08:06   19.3    0.0   0.00    1.6   19.0  08:10    126
 27   49.2   56.4  17:16   43.6  03:27   15.8    0.0   0.00    0.0    0.0  00:00     90
 28   62.2   73.0  16:43   50.7  00:00    2.8    0.0   0.00    0.1    8.0  15:33    116
 29   64.6   72.6  14:28   58.7  23:59    0.4    0.0   1.02    0.4   11.0  12:58    129
 30   54.7   60.7  15:36   42.2  23:59   10.3    0.0   0.00    0.3   10.0  13:59    314
 31   49.7   65.2  15:37   32.7  07:58   15.3    0.0   0.00    0.2    8.0  10:38    123
---------------------------------------------------------------------------------------
      47.7   73.0     28   22.8     09  533.2    0.0   5.41    0.5   23.0     12    317