nws-alerts: Checking more than four warning/county codes can delay the loading of your pages. You should use a cron job to get the data.


Report for 2018 April
                   MONTHLY CLIMATOLOGICAL SUMMARY for Apr 2018


NAME: Ellijay, GA                  
ELEV: 1480 feet    LAT: 34-38.16 N    LONG: 084-27.00 W


                   TEMPERATURE (F), RAIN (in), WIND SPEED (mph)

                                         HEAT   COOL         AVG
      MEAN                               DEG    DEG          WIND                   DOM
DAY   TEMP   HIGH   TIME    LOW   TIME   DAYS   DAYS   RAIN  SPEED   HIGH   TIME    DIR
---------------------------------------------------------------------------------------
 01   55.0   72.6  14:23   36.6  07:23   10.0    0.0   0.00    0.1   10.0  12:28    346
 02   60.7   76.5  15:32   45.2  07:38    4.3    0.0   0.00    0.2   10.0  12:49    332
 03   62.6   75.0  17:15   48.6  02:55    2.4    0.0   0.00    0.1    7.0  11:27    122
 04   54.6   70.8  00:29   43.5  00:00   10.4    0.0   0.16    0.6   16.0  13:50    308
 05   49.2   64.4  16:36   31.2  07:51   15.8    0.0   0.00    0.3   11.0  01:03    322
 06   49.2   61.7  16:04   36.6  04:53   15.8    0.0   0.07    0.1    8.0  14:59    312
 07   48.3   54.2  11:59   36.4  23:50   16.7    0.0   0.18    0.7   15.0  20:43    320
 08   43.1   52.9  16:24   32.8  06:33   21.9    0.0   0.00    0.4   14.0  00:48    322
 09   50.2   60.7  17:37   43.8  07:01   14.8    0.0   0.10    0.1    7.0  02:35    320
 10   53.6   66.1  15:47   44.9  23:59   11.4    0.0   0.00    0.4   13.0  10:09    321
 11   51.6   67.4  16:16   33.2  07:28   13.4    0.0   0.00    0.3   11.0  11:09    323
 12   58.0   75.3  16:22   39.1  07:27    7.0    0.0   0.00    0.2    6.0  12:11    117
 13   65.6   77.3  16:52   48.4  07:40    0.0    0.6   0.00    0.2    9.0  14:09    125
 14   70.4   77.3  16:44   62.3  08:00    0.0    5.4   0.01    0.3   12.0  09:22    121
 15   56.3   69.6  01:35   41.5  00:00    8.7    0.0   0.70    0.4   14.0  11:08    126
 16   39.6   44.9  17:14   34.6  23:59   25.4    0.0   0.00    0.7   12.0  02:05    315
 17   48.9   69.6  17:13   29.0  07:04   16.1    0.0   0.00    0.3   10.0  15:07    323
 18   62.3   80.8  16:28   41.1  07:21    2.7    0.0   0.00    0.4   19.0  14:29     37
 19   56.9   69.0  00:01   44.6  00:00    8.1    0.0   0.00    1.2   16.0  13:11    318
 20   50.5   67.6  16:13   31.0  07:22   14.5    0.0   0.00    0.2   11.0  00:01    325
 21   54.9   70.3  15:50   35.8  07:04   10.1    0.0   0.00    0.4   13.0  09:43    126
 22   58.2   60.3  02:46   56.0  21:26    6.8    0.0   0.20    1.2   17.0  23:10    127
 23   57.8   62.5  12:25   54.9  03:53    7.2    0.0   0.92    2.2   15.0  00:41    124
 24   59.5   66.8  13:59   55.0  23:58    5.5    0.0   1.18    0.2    9.0  15:16    320
 25   57.1   63.8  13:27   50.7  23:56    7.9    0.0   0.05    0.2   12.0  13:59    313
 26   51.7   56.8  18:08   45.9  05:01   13.3    0.0   0.22    0.0    5.0  16:46    143
 27   56.7   68.8  16:50   46.1  07:26    8.3    0.0   0.10    0.2   11.0  15:40    318
 28   59.3   75.2  16:36   41.6  07:13    5.7    0.0   0.00    0.5   12.0  16:19    320
 29   57.1   66.9  16:25   46.4  00:00    7.9    0.0   0.00    0.8   15.0  13:03    320
 30   56.1   74.7  16:38   35.8  07:02    8.9    0.0   0.00    0.1    7.0  14:09     22
---------------------------------------------------------------------------------------
      55.2   80.8     18   29.0     17  301.2    6.0   3.89    0.4   19.0     18    357