nws-alerts: Checking more than four warning/county codes can delay the loading of your pages. You should use a cron job to get the data.


Report for 2018 May
                   MONTHLY CLIMATOLOGICAL SUMMARY for May 2018


NAME: Ellijay, GA                  
ELEV: 1480 feet    LAT: 34-38.16 N    LONG: 084-27.00 W


                   TEMPERATURE (F), RAIN (in), WIND SPEED (mph)

                                         HEAT   COOL         AVG
      MEAN                               DEG    DEG          WIND                   DOM
DAY   TEMP   HIGH   TIME    LOW   TIME   DAYS   DAYS   RAIN  SPEED   HIGH   TIME    DIR
---------------------------------------------------------------------------------------
 01   60.8   79.3  17:12   40.4  07:08    4.2    0.0   0.00    0.1    9.0  17:28     12
 02   65.3   81.1  16:57   48.7  07:17    0.0    0.3   0.00    0.1    8.0  12:00     31
 03   66.4   81.8  15:54   51.4  06:22    0.0    1.4   0.00    0.1    6.0  15:46     39
 04   66.4   79.7  17:03   51.8  06:52    0.0    1.4   0.00    0.2    8.0  11:39    343
 05   65.5   75.1  17:28   58.6  07:07    0.0    0.5   0.32    0.0   11.0  18:40    335
 06   64.8   76.3  16:37   56.3  07:40    0.2    0.0   0.01    0.5   21.0  13:49    330
 07   66.2   79.8  15:20   52.1  07:21    0.0    1.2   0.00    0.4   12.0  11:39    331
 08   64.9   77.3  16:55   52.7  03:37    0.1    0.0   0.00    0.1    7.0  14:22    111
 09   67.4   81.4  17:08   54.9  05:29    0.0    2.4   0.00    0.1    6.0  15:49     53
 10   65.5   82.9  13:11   55.6  07:10    0.0    0.5   0.20    0.2   24.0  16:37    340
 11   68.4   83.7  15:58   54.1  07:10    0.0    3.4   0.00    0.1    7.0  14:49    341
 12   71.0   85.2  13:58   57.7  07:14    0.0    6.0   0.00    0.2    9.0  16:30    352
 13   70.4   86.7  14:09   54.9  06:51    0.0    5.4   0.00    0.1    8.0  13:23    347
 14   72.9   88.0  15:42   58.2  07:16    0.0    7.9   0.00    0.2   11.0  12:09    325
 15   69.7   76.4  15:28   64.7  06:06    0.0    4.7   0.05    0.1   12.0  19:31    334
 16   68.7   77.9  14:02   63.4  06:37    0.0    3.7   0.12    0.0    5.0  14:27    350
 17   67.8   77.0  15:03   61.2  06:28    0.0    2.8   0.35    0.0    4.0  15:11     19
 18   69.7   77.9  15:20   63.2  06:48    0.0    4.7   0.11    0.1    6.0  12:32    111
 19   72.1   81.8  16:40   65.9  02:52    0.0    7.1   0.36    0.1    7.0  12:48      2
 20   71.3   84.4  13:22   63.4  07:16    0.0    6.3   0.00    0.1   12.0  13:37    342
 21   71.8   81.0  14:55   62.6  07:03    0.0    6.8   0.00    0.1    5.0  14:40     54
 22   70.2   79.4  13:44   65.1  03:54    0.0    5.2   0.22    0.0    7.0  13:46      8
 23   72.1   84.9  16:26   64.1  02:38    0.0    7.1   0.04    0.2   11.0  13:30    333
 24   71.0   83.4  13:51   64.0  06:49    0.0    6.0   0.16    0.1   10.0  14:56      9
 25   73.7   82.7  16:52   67.0  07:06    0.0    8.7   0.00    0.1    5.0  12:03    104
 26   73.6   81.0  15:00   67.5  07:06    0.0    8.6   0.01    0.0    4.0  13:11    349
 27   73.8   82.6  14:33   65.4  06:48    0.0    8.8   0.00    0.1    6.0  14:37    117
 28   70.6   76.2  17:13   66.7  06:29    0.0    5.6   0.77    0.1    5.0  15:48     80
 29   71.8   76.8  16:00   66.9  01:31    0.0    6.8   0.24    0.2    8.0  17:39    113
 30   72.3   77.3  13:56   69.1  04:45    0.0    7.3   0.49    0.1    6.0  15:35     92
 31   71.3   81.4  15:53   66.6  00:00    0.0    6.3   0.40    0.1   14.0  23:45    339
---------------------------------------------------------------------------------------
      69.3   88.0     14   40.4     01    4.5  136.9   3.85    0.1   24.0     10    356