nws-alerts: Checking more than four warning/county codes can delay the loading of your pages. You should use a cron job to get the data.


Report for 2018 June
                   MONTHLY CLIMATOLOGICAL SUMMARY for Jun 2018


NAME: Ellijay, GA                  
ELEV: 1480 feet    LAT: 34-38.16 N    LONG: 084-27.00 W


                   TEMPERATURE (F), RAIN (in), WIND SPEED (mph)

                                         HEAT   COOL         AVG
      MEAN                               DEG    DEG          WIND                   DOM
DAY   TEMP   HIGH   TIME    LOW   TIME   DAYS   DAYS   RAIN  SPEED   HIGH   TIME    DIR
---------------------------------------------------------------------------------------
 01   68.9   83.0  14:24   63.5  06:19    0.0    3.9   0.74    0.1   11.0  15:24    352
 02   72.7   86.0  16:37   62.8  06:25    0.0    7.7   0.00    0.2    9.0  17:17    338
 03   73.2   87.0  15:44   63.4  06:26    0.0    8.2   0.01    0.1   17.0  16:53    344
 04   70.0   81.6  15:57   59.4  05:41    0.0    5.0   0.00    0.3   15.0  11:22    334
 05   66.9   81.1  14:12   55.5  06:43    0.0    1.9   0.00    0.1    6.0  14:17    338
 06   69.2   86.4  17:31   51.7  06:51    0.0    4.2   0.00    0.2    8.0  12:05    325
 07   72.0   86.1  16:24   58.9  06:29    0.0    7.0   0.00    0.1    8.0  13:17    329
 08   71.2   86.1  13:31   61.3  06:50    0.0    6.2   0.48    0.1   10.0  15:55    316
 09   73.8   86.3  16:39   63.4  06:23    0.0    8.8   0.00    0.1    5.0  13:36    341
 10   72.9   86.5  15:07   62.5  06:52    0.0    7.9   0.01    0.1    9.0  16:54    339
 11   70.2   84.8  13:02   64.5  06:46    0.0    5.2   0.58    0.1   13.0  14:10    342
 12   70.5   77.8  15:54   62.3  06:25    0.0    5.5   0.00    0.2    6.0  13:26    123
 13   72.5   82.5  15:32   66.9  06:41    0.0    7.5   0.05    0.1    9.0  15:52    330
 14   75.7   86.1  16:17   68.5  06:37    0.0   10.7   0.03    0.2    7.0  15:00    338
 15   76.3   90.5  16:34   64.3  06:45    0.0   11.3   0.00    0.2    8.0  12:33    324
 16   77.0   90.5  13:25   66.1  06:43    0.0   12.0   0.00    0.1    5.0  11:01    331
 17   72.3   88.7  13:34   65.4  06:45    0.0    7.3   1.00    0.1    9.0  14:50    322
 18   74.9   88.1  14:16   64.2  05:51    0.0    9.9   0.00    0.1    7.0  15:04    338
 19   75.2   88.4  13:07   66.9  06:56    0.0   10.2   0.22    0.2   10.0  10:51    328
 20   76.5   87.4  13:34   67.0  06:48    0.0   11.5   0.00    0.2    8.0  13:43    332
 21
 22
 23
 24
 25
 26
 27
 28
 29
 30
---------------------------------------------------------------------------------------
      72.6   90.5     15   51.7     06    0.0  152.0   3.12    0.1   17.0     03    336