nws-alerts: Checking more than four warning/county codes can delay the loading of your pages. You should use a cron job to get the data.


Report for 2018 July
                   MONTHLY CLIMATOLOGICAL SUMMARY for Jul 2018


NAME: Ellijay, GA                  
ELEV: 1480 feet    LAT: 34-38.16 N    LONG: 084-27.00 W


                   TEMPERATURE (F), RAIN (in), WIND SPEED (mph)

                                         HEAT   COOL         AVG
      MEAN                               DEG    DEG          WIND                   DOM
DAY   TEMP   HIGH   TIME    LOW   TIME   DAYS   DAYS   RAIN  SPEED   HIGH   TIME    DIR
---------------------------------------------------------------------------------------
 01
 02
 03
 04
 05
 06
 07
 08
 09
 10   77.0   88.5  17:36   64.3  05:29    0.0   12.0   0.00    0.1    7.0  11:25    331
 11   76.7   88.9  12:52   65.8  06:48    0.0   11.7   0.00    0.1    6.0  14:22    322
 12   77.7   89.2  15:48   67.7  06:40    0.0   12.7   0.00    0.1    7.0  14:35    340
 13   74.9   85.9  13:37   69.8  04:51    0.0    9.9   0.72    0.0   13.0  14:42    322
 14   75.0   81.8  12:01   71.0  06:45    0.0   10.0   0.23    0.0    0.0  00:01    N/A
 15   75.6   85.2  15:09   68.2  05:49    0.0   10.6   0.00    0.0    4.0  11:48    349
 16   74.7   81.1  16:35   69.7  06:51    0.0    9.7   0.13    0.0    5.0  22:32     24
 17   75.4   86.3  16:04   69.0  06:54    0.0   10.4   0.12    0.1    6.0  17:28    343
 18   77.3   89.1  16:48   67.7  23:58    0.0   12.3   0.00    0.3    8.0  13:18    333
 19   74.7   85.0  15:50   63.7  05:18    0.0    9.7   0.00    0.1    6.0  12:43    124
 20   76.0   84.0  15:45   68.6  07:11    0.0   11.0   0.00    0.1    6.0  11:14    126
 21   73.6   83.6  15:22   65.6  05:37    0.0    8.6   2.55    0.2   19.0  05:30    345
 22   70.2   81.1  15:31   62.9  06:43    0.0    5.2   0.11    0.1   10.0  16:48    342
 23   70.7   79.3  13:04   65.5  07:38    0.0    5.7   0.29    0.0    5.0  12:43    333
 24   71.5   80.1  17:17   64.3  06:41    0.0    6.5   0.03    0.1    7.0  13:25    325
 25   73.6   84.3  16:47   65.3  07:08    0.0    8.6   0.00    0.2   10.0  11:28    332
 26   72.1   86.3  14:08   61.1  06:49    0.0    7.1   0.00    0.1    5.0  11:52    331
 27   72.5   84.5  13:56   61.9  07:12    0.0    7.5   0.00    0.1    5.0  11:37    341
 28   72.3   84.5  15:13   62.1  07:13    0.0    7.3   0.00    0.3   11.0  12:17    332
 29   72.0   84.5  16:43   59.8  06:33    0.0    7.0   0.00    0.0    4.0  10:16     14
 30   74.8   85.1  15:02   65.2  07:05    0.0    9.8   0.02    0.0    5.0  11:16    343
 31   71.6   77.1  12:22   67.7  19:03    0.0    6.6   0.52    0.0    9.0  18:06      2
---------------------------------------------------------------------------------------
      74.1   89.2     12   59.8     29    0.0  200.0   4.72    0.1   19.0     21    342