nws-alerts: Checking more than four warning/county codes can delay the loading of your pages. You should use a cron job to get the data.


Report for 2018 September
                   MONTHLY CLIMATOLOGICAL SUMMARY for Sep 2018


NAME: Ellijay, GA                  
ELEV: 1480 feet    LAT: 34-38.16 N    LONG: 084-27.00 W


                   TEMPERATURE (F), RAIN (in), WIND SPEED (mph)

                                         HEAT   COOL         AVG
      MEAN                               DEG    DEG          WIND                   DOM
DAY   TEMP   HIGH   TIME    LOW   TIME   DAYS   DAYS   RAIN  SPEED   HIGH   TIME    DIR
---------------------------------------------------------------------------------------
 01   74.6   85.9  15:04   65.0  07:18    0.0    9.6   0.00    0.1    5.0  11:54    114
 02   75.3   85.8  16:21   66.9  05:49    0.0   10.3   0.00    0.1    5.0  12:36    122
 03   75.2   85.5  15:51   66.7  07:24    0.0   10.2   0.00    0.1    6.0  15:09    125
 04   73.8   83.4  14:13   65.3  08:00    0.0    8.8   0.00    0.0    5.0  11:41    133
 05   75.2   82.4  15:06   69.0  06:43    0.0   10.2   0.00    0.0    1.0  11:01    103
 06   75.6   82.9  12:04   70.2  06:10    0.0   10.6   0.00    0.0    5.0  12:00    107
 07   72.8   85.6  15:50   65.0  07:42    0.0    7.8   0.01    0.0    5.0  16:22     99
 08   73.8   84.5  13:44   66.2  07:24    0.0    8.8   0.00    0.0    5.0  14:52     11
 09   73.1   81.6  13:52   67.0  08:07    0.0    8.1   0.73    0.0    5.0  14:30     39
 10   71.8   78.4  14:46   68.9  07:05    0.0    6.8   0.20    0.0    5.0  13:33     15
 11   72.9   80.4  16:17   68.2  07:53    0.0    7.9   0.00    0.0    5.0  13:13    332
 12   74.8   84.4  14:39   67.1  07:13    0.0    9.8   0.00    0.1    6.0  16:21    325
 13   75.2   86.6  15:24   66.9  07:31    0.0   10.2   0.00    0.1    8.0  14:31    322
 14   76.7   88.1  14:27   67.2  07:49    0.0   11.7   0.00    0.0    2.0  14:36     86
 15   74.4   86.3  14:31   65.5  07:41    0.0    9.4   0.00    0.0    0.0  00:01    N/A
 16   71.8   75.3  16:22   69.6  09:15    0.0    6.8   0.05    0.0    0.0  00:01    N/A
 17   73.1   80.4  14:57   69.3  06:34    0.0    8.1   0.01    0.0    0.0  00:01    N/A
 18   73.6   85.3  14:35   64.8  07:44    0.0    8.6   0.00    0.0    0.0  00:01    N/A
 19   72.1   87.0  14:40   61.8  07:17    0.0    7.1   0.00    0.0    0.0  00:01    N/A
 20   73.8   86.5  14:01   64.7  07:55    0.0    8.8   0.00    0.0    0.0  00:01    N/A
 21   73.0   83.8  14:56   65.9  07:48    0.0    8.0   0.00    0.0    0.0  00:01    N/A
 22   72.5   85.4  15:17   63.3  07:39    0.0    7.5   0.00    0.0    0.0  00:01    N/A
 23   72.0   83.7  15:22   63.0  07:46    0.0    7.0   0.00    0.0    0.0  00:01    N/A
 24   71.6   78.7  14:27   67.1  02:17    0.0    6.6   0.08    0.0    0.0  00:01    N/A
 25   72.3   79.6  16:51   68.7  03:18    0.0    7.3   0.34    0.0    0.0  00:01    N/A
 26   72.1   75.5  13:17   69.9  23:56    0.0    7.1   0.46    0.0    0.0  00:01    N/A
 27   70.7   76.7  14:51   68.5  05:13    0.0    5.7   0.66    0.0    6.0  14:34     14
 28   69.9   76.6  16:13   66.1  23:57    0.0    4.9   0.00    0.1    7.0  13:34    340
 29   68.6   78.9  16:18   61.0  07:50    0.0    3.6   0.00    0.0    6.0  15:48    327
 30   70.8   79.9  16:51   63.8  02:49    0.0    5.8   0.00    0.0    4.0  10:28    122
---------------------------------------------------------------------------------------
      73.1   88.1     14   61.0     29    0.0  243.2   2.54    0.0    8.0     13     41