nws-alerts: Checking more than four warning/county codes can delay the loading of your pages. You should use a cron job to get the data.


Report for 2018 October
                   MONTHLY CLIMATOLOGICAL SUMMARY for Oct 2018


NAME: Ellijay, GA                  
ELEV: 1480 feet    LAT: 34-38.16 N    LONG: 084-27.00 W


                   TEMPERATURE (F), RAIN (in), WIND SPEED (mph)

                                         HEAT   COOL         AVG
      MEAN                               DEG    DEG          WIND                   DOM
DAY   TEMP   HIGH   TIME    LOW   TIME   DAYS   DAYS   RAIN  SPEED   HIGH   TIME    DIR
---------------------------------------------------------------------------------------
 01   71.1   79.1  16:05   65.2  23:52    0.0    6.1   0.00    0.0    5.0  10:49    144
 02   68.8   78.5  16:54   60.8  08:10    0.0    3.8   0.00    0.0    2.0  16:42    113
 03   70.1   81.5  15:02   61.1  07:58    0.0    5.1   0.00    0.1    6.0  14:55    330
 04   71.2   82.5  14:11   61.3  07:35    0.0    6.2   0.00    0.1    7.0  12:34    338
 05   71.9   84.3  14:17   61.9  07:56    0.0    6.9   0.00    0.1    6.0  14:24    326
 06   72.1   83.2  15:52   63.6  07:54    0.0    7.1   0.00    0.0    4.0  12:27    335
 07   73.2   83.9  15:58   67.3  04:50    0.0    8.2   0.00    0.1    6.0  14:07    128
 08   73.2   81.3  15:35   66.6  02:52    0.0    8.2   0.00    0.1    7.0  12:57    133
 09   71.8   76.1  15:37   68.5  08:31    0.0    6.8   0.04    0.4    9.0  23:00    137
 10   72.7   78.5  15:06   69.2  03:19    0.0    7.7   0.79    0.2   11.0  01:06    123
 11   67.1   72.0  14:55   54.9  23:10    0.0    2.1   1.31    0.8   13.0  18:25    322
 12   56.6   68.1  15:17   49.6  08:01    8.4    0.0   0.00    0.6   15.0  08:51    333
 13   56.1   65.3  14:58   49.3  08:09    8.9    0.0   0.00    0.2   10.0  09:40    330
 14   62.3   72.2  15:55   51.4  00:37    2.7    0.0   0.00    0.0    6.0  10:31    136
 15   67.6   74.8  15:39   59.9  07:56    0.0    2.6   0.00    0.0    6.0  12:31    105
 16   65.0   71.0  12:24   62.3  01:55    0.0    0.0   0.68    0.0    7.0  14:36    330
 17   61.6   68.1  15:23   55.5  20:36    3.4    0.0   0.08    0.3   11.0  12:12    321
 18   56.7   67.3  14:56   46.1  08:17    8.3    0.0   0.00    0.2   12.0  00:18    321
 19   56.6   67.8  16:51   46.2  07:55    8.4    0.0   0.00    0.0    3.0  12:27     36
 20   58.7   61.7  16:38   53.1  23:52    6.3    0.0   0.15    0.2   13.0  17:02    324
 21   46.5   56.4  16:13   36.5  08:13   18.5    0.0   0.00    0.9   18.0  02:26    327
 22   45.9   62.7  15:32   33.0  08:11   19.1    0.0   0.00    0.0    5.0  14:05     86
 23   48.5   63.7  15:42   37.6  08:01   16.5    0.0   0.00    0.1    6.0  13:05    323
 24   49.9   67.5  15:05   35.2  08:09   15.1    0.0   0.00    0.0    5.0  14:00    331
 25   51.3   57.4  14:52   45.1  23:26   13.7    0.0   0.15    0.2   10.0  13:59    138
 26   49.9   53.7  14:06   45.3  00:01   15.1    0.0   1.62    0.4   10.0  02:34    132
 27   50.9   52.9  16:10   49.4  23:51   14.1    0.0   0.02    0.2    9.0  20:48    334
 28   53.0   66.5  16:50   39.0  07:58   12.0    0.0   0.00    0.1    7.0  00:01     22
 29   51.3   64.3  15:24   40.6  08:09   13.7    0.0   0.00    0.2   10.0  15:40    331
 30   49.6   66.6  15:27   36.1  08:34   15.4    0.0   0.00    0.0    3.0  12:03    329
 31   57.7   71.9  15:20   46.4  02:28    7.3    0.0   0.00    0.1    8.0  15:17     23
---------------------------------------------------------------------------------------
      60.6   84.3     05   33.0     22  206.8   70.8   4.84    0.2   18.0     21    338