nws-alerts: Checking more than four warning/county codes can delay the loading of your pages. You should use a cron job to get the data.


Report for 2018 November
                   MONTHLY CLIMATOLOGICAL SUMMARY for Nov 2018


NAME: Ellijay, GA                  
ELEV: 1480 feet    LAT: 34-38.16 N    LONG: 084-27.00 W


                   TEMPERATURE (F), RAIN (in), WIND SPEED (mph)

                                         HEAT   COOL         AVG
      MEAN                               DEG    DEG          WIND                   DOM
DAY   TEMP   HIGH   TIME    LOW   TIME   DAYS   DAYS   RAIN  SPEED   HIGH   TIME    DIR
---------------------------------------------------------------------------------------
 01   63.7   66.9  01:42   60.4  22:20    1.3    0.0   0.17    0.2    9.0  06:14    114
 02   52.7   61.0  00:16   39.5  23:57   12.3    0.0   0.11    0.0   11.0  18:16    315
 03   44.6   58.1  15:15   35.2  08:02   20.4    0.0   0.00    0.0    5.0  13:40    326
 04   50.3   60.2  14:55   36.2  06:15   14.7    0.0   0.37    0.6   12.0  09:21    132
 05   57.9   64.5  15:08   50.7  07:16    7.1    0.0   0.24    0.1    8.0  23:34    146
 06   59.9   67.4  05:56   46.4  23:53    5.1    0.0   0.83    0.1    9.0  00:46    107
 07   52.3   71.3  13:21   38.8  07:18   12.7    0.0   0.09    0.0    0.0  00:01    N/A
 08   55.9   60.4  14:02   52.5  03:04    9.1    0.0   0.02    0.0    0.0  00:01    N/A
 09   52.4   57.2  03:10   40.9  00:00   12.6    0.0   0.66    0.1    9.0  21:31    323
 10   37.6   44.9  14:20   29.2  23:57   27.4    0.0   0.00    0.8   18.0  04:41    330
 11   41.5   54.0  14:48   28.7  01:52   23.5    0.0   0.00    0.1    8.0  09:53    136
 12   45.6   51.7  18:43   39.3  07:26   19.4    0.0   2.20    0.1    9.0  01:00    132
 13   47.2   49.6  00:06   41.9  23:23   17.8    0.0   0.46    0.5   14.0  16:08    320
 14   44.5   48.7  14:23   41.3  00:44   20.5    0.0   0.14    0.5   12.0  19:52    127
 15   38.3   44.2  12:31   31.2  22:45   26.7    0.0   0.02    0.4   16.0  02:29    112
 16   37.5   50.6  15:39   29.1  07:37   27.5    0.0   0.00    0.1   10.0  00:01    311
 17   41.8   61.4  14:22   28.6  07:18   23.2    0.0   0.00    0.0    5.0  14:41    328
 18   43.3   59.7  13:53   31.3  07:04   21.7    0.0   0.00    0.0    4.0  12:40      5
 19   48.5   63.5  14:20   35.3  04:41   16.5    0.0   0.03    0.1    6.0  10:54    343
 20   46.4   52.3  00:09   38.4  23:31   18.6    0.0   0.01    0.4   14.0  12:39    319
 21   39.9   55.5  14:32   27.8  07:42   25.1    0.0   0.00    0.2   12.0  11:28    325
 22   41.8   61.0  14:20   28.8  07:10   23.2    0.0   0.00    0.0    5.0  11:55    330
 23   41.6   46.8  13:00   34.6  01:25   23.4    0.0   0.01    1.5   17.0  22:04    128
 24   43.9   49.1  16:19   38.4  00:07   21.1    0.0   0.38    0.2   10.0  00:22    125
 25   47.0   61.8  13:30   35.1  07:57   18.0    0.0   0.11    0.1    9.0  22:06    127
 26   42.1   51.8  02:00   35.0  23:55   22.9    0.0   0.01    0.6   15.0  15:20    315
 27   32.9   37.9  14:43   28.1  23:55   32.1    0.0   0.00    0.5   12.0  14:53    313
 28   30.4   40.8  15:13   24.0  07:15   34.6    0.0   0.00    0.3   13.0  07:42    318
 29   34.9   44.8  23:48   24.3  07:07   30.1    0.0   0.05    0.0    1.0  15:30    323
 30   50.7   56.8  14:35   44.6  00:46   14.3    0.0   0.33    0.0    3.0  23:35    320
---------------------------------------------------------------------------------------
      45.6   71.3     07   24.0     28  582.9    0.0   6.24    0.3   18.0     10     65