nws-alerts: Checking more than four warning/county codes can delay the loading of your pages. You should use a cron job to get the data.


Report for 2018 December
                   MONTHLY CLIMATOLOGICAL SUMMARY for Dec 2018


NAME: Ellijay, GA                  
ELEV: 1480 feet    LAT: 34-38.16 N    LONG: 084-27.00 W


                   TEMPERATURE (F), RAIN (in), WIND SPEED (mph)

                                         HEAT   COOL         AVG
      MEAN                               DEG    DEG          WIND                   DOM
DAY   TEMP   HIGH   TIME    LOW   TIME   DAYS   DAYS   RAIN  SPEED   HIGH   TIME    DIR
---------------------------------------------------------------------------------------
 01   53.6   57.3  23:34   50.5  08:23   11.4    0.0   1.27    0.6   12.0  11:30    126
 02   58.9   67.4  15:00   41.8  23:55    6.1    0.0   0.01    0.2   10.0  15:44     31
 03   46.0   57.0  13:23   37.6  03:32   19.0    0.0   0.00    0.2   16.0  20:57    316
 04   38.0   43.5  14:02   34.2  21:37   27.0    0.0   0.00    0.4   13.0  15:28    325
 05   32.1   38.6  13:23   25.3  23:58   32.9    0.0   0.00    0.3   13.0  12:56    313
 06   32.7   45.2  14:21   21.3  07:21   32.3    0.0   0.00    0.0    4.0  12:35    331
 07   39.6   48.6  15:58   31.1  04:07   25.4    0.0   0.03    0.0    4.0  14:42    315
 08   40.6   42.1  00:01   38.5  23:54   24.4    0.0   1.98    0.1    8.0  13:47    132
 09   38.9   41.5  15:16   36.6  07:59   26.1    0.0   1.07    0.2   10.0  05:54    123
 10   38.4   41.5  13:35   34.2  23:59   26.6    0.0   0.25    0.0    5.0  18:55    323
 11   34.5   47.3  15:15   27.2  07:49   30.5    0.0   0.00    0.1    7.0  11:56    321
 12   33.7   46.4  14:51   25.1  05:44   31.3    0.0   0.00    0.0    3.0  14:05      9
 13   43.1   53.0  13:48   31.5  02:28   21.9    0.0   0.00    0.3   11.0  22:41    130
 14   51.2   54.4  18:16   48.2  04:39   13.8    0.0   0.27    1.1   11.0  01:20    128
 15   47.8   64.2  10:10  -14.6  09:43   17.2    0.0   0.27    0.1    6.0  00:02    122
 16   46.1   49.8  15:38   44.1  04:28   18.9    0.0   0.01    0.2    8.0  16:40    314
 17   45.8   57.2  14:54   33.5  23:50   19.2    0.0   0.00    0.3    9.0  02:36    322
 18   43.7   60.2  14:33   32.9  00:46   21.3    0.0   0.00    0.1   11.0  11:02    319
 19   44.0   53.7  12:45   32.0  05:31   21.0    0.0   0.00    0.2    7.0  12:53    132
 20   48.1   50.5  14:13   45.5  07:07   16.9    0.0   0.74    0.3   10.0  02:58    126
 21   42.9   48.0  00:02   37.6  23:52   22.1    0.0   0.60    0.3   15.0  17:29    310
 22   36.8   54.5  14:59  -10.5  14:47   28.2    0.0   0.01    0.1    7.0  00:32    319
 23   39.1   49.9  17:02   28.6  03:02   25.9    0.0   0.19    0.1    8.0  19:26    315
 24   37.3   48.8  15:33   28.6  23:51   27.7    0.0   0.00    0.5   14.0  09:00    325
 25   39.0   51.4  15:05   27.6  02:11   26.0    0.0   0.00    0.0    4.0  11:25    193
 26   44.6   57.2  13:52   31.1  05:41   20.4    0.0   0.00    0.2   11.0  23:39    124
 27   48.2   51.7  15:16   45.1  07:37   16.8    0.0   1.35    2.6   16.0  11:51    126
 28   54.4   60.1  08:29   49.1  01:05   10.6    0.0   1.09    0.1    9.0  08:33    318
 29   50.4   60.0  15:33   44.1  07:59   14.6    0.0   0.03    0.1    8.0  13:38    312
 30   51.5   56.3  15:54   47.8  00:03   13.5    0.0   0.17    0.0    2.0  01:11    327
 31   60.4   66.6  18:04   54.2  00:01    4.6    0.0   0.24    0.4   12.0  14:44    116
---------------------------------------------------------------------------------------
      43.9   67.4     02  -14.6     15  653.7    0.0   9.58    0.3   16.0     03    117