nws-alerts: Checking more than four warning/county codes can delay the loading of your pages. You should use a cron job to get the data.


Report for 2019 January
                   MONTHLY CLIMATOLOGICAL SUMMARY for Jan 2019


NAME: Ellijay, GA                  
ELEV: 1480 feet    LAT: 34-38.16 N    LONG: 084-27.00 W


                   TEMPERATURE (F), RAIN (in), WIND SPEED (mph)

                                         HEAT   COOL         AVG
      MEAN                               DEG    DEG          WIND                   DOM
DAY   TEMP   HIGH   TIME    LOW   TIME   DAYS   DAYS   RAIN  SPEED   HIGH   TIME    DIR
---------------------------------------------------------------------------------------
 01   55.9   62.0  00:01   46.5  23:48    9.1    0.0   0.04    0.0    4.0  06:33    337
 02   47.7   52.7  14:59   42.2  07:48   17.3    0.0   0.25    0.0    3.0  15:59    330
 03   51.1   54.8  16:09   48.9  07:59   13.9    0.0   0.49    0.1    7.0  11:49    323
 04   51.5   58.2  15:10   42.7  23:52   13.5    0.0   0.41    0.6   16.0  16:20    123
 05   44.5   54.2  15:19   35.2  23:59   20.5    0.0   0.00    0.3   10.0  02:55    314
 06   44.4   64.5  15:14   30.7  07:45   20.6    0.0   0.00    0.0    5.0  12:52    318
 07   50.2   64.5  12:01   38.4  07:49   14.8    0.0   0.00    0.1    7.0  11:38    129
 08   53.0   59.5  16:28   47.9  03:19   12.0    0.0   0.08    0.2   13.0  22:51    321
 09   41.8   50.0  00:01   34.0  23:50   23.2    0.0   0.00    1.1   17.0  02:41    313
 10   33.0   42.6  15:28   26.2  07:37   32.0    0.0   0.00    1.0   18.0  08:01    322
 11   36.4   50.8  15:29   21.8  07:49   28.6    0.0   0.00    0.0    7.0  13:08      7
 12   39.8   43.2  00:01   36.0  17:17   25.2    0.0   1.05    1.1   17.0  10:41    126
 13   40.1   42.6  22:58   37.5  00:33   24.9    0.0   0.08    0.1    9.0  01:33    129
 14   39.8   42.3  00:01   36.3  23:56   25.2    0.0   0.00    0.1    5.0  07:01    320
 15   35.1   41.4  14:18   27.5  00:00   29.9    0.0   0.00    0.5   13.0  07:33    326
 16   33.9   48.4  15:21   24.5  04:08   31.1    0.0   0.00    0.1    5.0  12:38    322
 17   36.5   41.8  14:29   28.5  03:00   28.5    0.0   0.55    0.0    2.0  11:11      8
 18   45.3   53.8  15:30   40.6  21:55   19.7    0.0   0.04    0.0    4.0  15:10    329
 19   51.1   58.7  16:53   40.3  01:10   13.9    0.0   1.30    0.6   12.0  08:05    124
 20   31.8   47.9  00:01   23.2  23:59   33.2    0.0   0.01    1.4   22.0  10:15    315
 21   26.0   37.8  15:51   16.6  07:22   39.0    0.0   0.00    0.4   14.0  02:23    322
 22   36.1   41.9  14:51   30.3  07:55   28.9    0.0   0.00    1.2   17.0  10:06    126
 23   47.2   52.8  13:50   39.2  01:35   17.8    0.0   1.35    0.7   12.0  03:49    126
 24   37.7   51.3  00:01   27.6  23:26   27.3    0.0   0.10    0.3   13.0  12:19    310
 25   30.8   41.8  14:56   23.0  00:00   34.2    0.0   0.00    0.1   10.0  10:17    320
 26   30.4   45.4  14:45   19.5  06:14   34.6    0.0   0.00    0.1    8.0  13:24    327
 27   36.0   50.0  15:02   26.3  04:01   29.0    0.0   0.00    0.0    6.0  15:21    337
 28   40.5   54.6  14:56   26.2  06:42   24.5    0.0   0.00    0.1    8.0  15:37    120
 29   34.8   47.3  00:01   21.9  23:51   30.2    0.0   0.11    0.5   14.0  14:58    312
 30   26.0   36.7  15:10   15.7  07:04   39.0    0.0   0.00    0.3   12.0  12:36    316
 31   30.4   44.6  14:41   17.9  07:46   34.6    0.0   0.00    0.1    7.0  13:17    323
---------------------------------------------------------------------------------------
      40.0   64.5     06   15.7     30  776.2    0.0   5.86    0.4   22.0     20    345