nws-alerts: Checking more than four warning/county codes can delay the loading of your pages. You should use a cron job to get the data.


Report for 2019 February
                   MONTHLY CLIMATOLOGICAL SUMMARY for Feb 2019


NAME: Ellijay, GA                  
ELEV: 1480 feet    LAT: 34-38.16 N    LONG: 084-27.00 W


                   TEMPERATURE (F), RAIN (in), WIND SPEED (mph)

                                         HEAT   COOL         AVG
      MEAN                               DEG    DEG          WIND                   DOM
DAY   TEMP   HIGH   TIME    LOW   TIME   DAYS   DAYS   RAIN  SPEED   HIGH   TIME    DIR
---------------------------------------------------------------------------------------
 01   40.5   58.6  15:11   26.4  07:44   24.5    0.0   0.00    0.1    6.0  13:32    344
 02   45.6   65.6  14:16   28.0  07:42   19.4    0.0   0.00    0.0    5.0  11:12    336
 03   49.0   59.8  15:36   39.5  23:58   16.0    0.0   0.10    0.0    5.0  13:34    122
 04   47.3   61.4  14:41   32.1  07:47   17.7    0.0   0.00    0.0    4.0  11:53    347
 05   56.7   66.9  16:26   51.5  02:53    8.3    0.0   0.02    0.0    4.0  11:47    335
 06   60.9   65.9  15:29   51.5  00:09    4.1    0.0   0.10    0.0    5.0  10:57     74
 07   67.2   76.3  15:30   63.0  08:12    0.0    2.2   0.00    0.1    9.0  15:03    122
 08   47.8   65.5  00:31   36.9  23:55   17.2    0.0   0.10    1.0   18.0  23:37    320
 09   42.5   54.9  15:25   33.8  08:43   22.5    0.0   0.00    0.4   17.0  00:24    318
 10   40.6   46.0  00:01   36.1  14:40   24.4    0.0   0.17    0.6   11.0  01:30    126
 11   49.8   56.9  23:39   42.5  00:01   15.2    0.0   0.49    0.0    7.0  23:08    136
 12   55.2   62.6  12:10   40.7  00:00    9.8    0.0   1.37    0.4   12.0  21:08    107
 13   40.1   50.5  15:49   30.2  00:00   24.9    0.0   0.00    0.5   13.0  02:05    309
 14   45.4   59.9  14:57   28.6  03:22   19.6    0.0   0.00    0.1    8.0  15:58    117
 15   53.4   56.6  14:53   50.4  08:29   11.6    0.0   0.59    0.0    3.0  03:34     11
 16   50.4   58.4  04:07   45.8  21:03   14.6    0.0   0.55    0.1    8.0  03:21    329
 17   47.1   50.3  01:51   45.1  18:16   17.9    0.0   1.01    0.2    8.0  10:25    130
 18   46.3   51.4  16:03   40.1  23:59   18.7    0.0   0.19    0.5   12.0  19:54    319
 19   39.8   45.1  19:43   36.7  08:23   25.2    0.0   1.27    0.8   18.0  23:18    123
 20   45.1   50.8  18:56   38.2  00:03   19.9    0.0   1.56    2.1   18.0  09:56    125
 21   54.7   59.1  17:27   50.5  00:01   10.3    0.0   1.05    0.1   10.0  20:51    323
 22   52.9   56.2  11:16   50.2  23:50   12.1    0.0   1.03    0.3   12.0  23:08    121
 23   50.3   52.6  15:21   48.6  06:55   14.7    0.0   0.17    0.7   11.0  04:05    125
 24   52.3   59.6  12:34   39.2  00:00   12.7    0.0   0.20    0.6   23.0  14:19    302
 25   39.4   39.9  00:17   39.1  00:01   25.6    0.0   0.00    0.5    5.0  00:11    309
 26   57.6   62.7  15:16   52.3  23:30    7.4    0.0   0.00    0.0    4.0  17:00     96
 27   55.9   65.7  15:53   48.4  23:57    9.1    0.0   0.10    0.0    5.0  15:15    341
 28   54.4   59.5  16:00   48.1  00:13   10.6    0.0   0.22    0.0    4.0  23:06     16
---------------------------------------------------------------------------------------
      49.8   76.3     07   26.4     01  434.0    2.2  10.29    0.3   23.0     24    110