nws-alerts: Checking more than four warning/county codes can delay the loading of your pages. You should use a cron job to get the data.


Report for 2019 March
                   MONTHLY CLIMATOLOGICAL SUMMARY for Mar 2019


NAME: Ellijay, GA                  
ELEV: 1480 feet    LAT: 34-38.16 N    LONG: 084-27.00 W


                   TEMPERATURE (F), RAIN (in), WIND SPEED (mph)

                                         HEAT   COOL         AVG
      MEAN                               DEG    DEG          WIND                   DOM
DAY   TEMP   HIGH   TIME    LOW   TIME   DAYS   DAYS   RAIN  SPEED   HIGH   TIME    DIR
---------------------------------------------------------------------------------------
 01   57.6   60.7  14:55   50.2  23:57    7.4    0.0   0.87    0.1   10.0  19:11    329
 02   52.0   62.3  14:51   45.0  00:00   13.0    0.0   0.00    0.1    8.0  15:27    337
 03   48.9   55.7  10:26   38.2  23:57   16.1    0.0   1.24    0.2   13.0  23:29    318
 04   33.8   38.2  00:01   29.0  23:59   31.2    0.0   0.01    0.7   16.0  05:38    324
 05   30.7   38.4  15:13   23.3  07:18   34.3    0.0   0.00    0.8   13.0  15:51    319
 06   30.6   40.5  16:19   22.9  07:19   34.4    0.0   0.00    0.5   13.0  02:22    323
 07   38.8   56.1  14:13   22.0  06:50   26.2    0.0   0.00    0.1    6.0  12:49    328
 08   45.5   47.7  07:23   43.8  00:35   19.5    0.0   1.09    0.1    9.0  05:10    319
 09   51.9   62.8  23:35   46.1  00:01   13.1    0.0   0.53    0.4   12.0  19:57    122
 10   57.9   66.9  16:14   49.8  23:46    7.1    0.0   0.15    0.1   11.0  00:10     20
 11   49.9   58.2  13:22   42.8  23:59   15.1    0.0   0.11    0.0    6.0  14:07    317
 12   49.4   65.9  15:09   35.5  08:09   15.6    0.0   0.00    0.1    8.0  13:50    329
 13   57.2   64.5  17:13   46.0  00:15    7.8    0.0   0.00    0.3   11.0  03:29    124
 14   62.9   70.4  18:43   57.0  03:04    2.1    0.0   0.76    0.0    0.0  00:01    N/A
 15   59.5   65.4  00:50   45.9  00:00    5.5    0.0   0.23    0.0    0.0  00:01    N/A
 16   44.2   53.1  17:03   35.3  23:58   20.8    0.0   0.00    0.9   17.0  04:21    328
 17   45.9   61.8  15:29   30.6  08:22   19.1    0.0   0.00    0.3   12.0  16:13    319
 18   42.3   55.2  14:07   30.7  04:03   22.7    0.0   0.00    0.7   20.0  14:40    326
 19   41.2   56.3  18:01   27.0  07:50   23.8    0.0   0.00    0.1    7.0  11:39    107
 20   44.6   61.7  15:26   28.6  07:59   20.4    0.0   0.00    0.1    9.0  15:12     21
 21   48.4   58.2  12:06   40.1  03:01   16.6    0.0   0.00    0.7   18.0  21:49    314
 22   49.1   62.4  17:47   36.7  05:47   15.9    0.0   0.00    0.9   15.0  02:10    318
 23   52.8   67.0  15:47   39.3  08:20   12.2    0.0   0.00    0.4   12.0  01:18    324
 24   53.4   72.1  15:11   31.9  07:56   11.6    0.0   0.00    0.1    6.0  13:01    124
 25   53.0   62.3  12:58   45.2  23:54   12.0    0.0   0.39    0.0   10.0  18:44    320
 26   51.8   60.9  15:42   43.7  01:24   13.2    0.0   0.00    0.6   12.0  07:58    319
 27   52.4   62.1  15:51   42.2  23:57   12.6    0.0   0.00    0.4   11.0  10:07    127
 28   49.8   67.2  15:40   31.8  07:52   15.2    0.0   0.00    0.1    7.0  13:43     82
 29   54.5   70.6  14:27   37.0  06:31   10.5    0.0   0.00    0.2   10.0  13:47    329
 30   61.4   74.0  14:47   47.8  07:42    3.6    0.0   0.01    0.2   12.0  12:50    119
 31   47.1   65.8  00:01   36.9  22:43   17.9    0.0   0.28    0.8   15.0  16:18    323
---------------------------------------------------------------------------------------
      49.0   74.0     30   22.0     07  496.5    0.0   5.67    0.3   20.0     18    326