nws-alerts: Checking more than four warning/county codes can delay the loading of your pages. You should use a cron job to get the data.


Report for 2019 May
                   MONTHLY CLIMATOLOGICAL SUMMARY for May 2019


NAME: Ellijay, GA                  
ELEV: 1480 feet    LAT: 34-38.16 N    LONG: 084-27.00 W


                   TEMPERATURE (F), RAIN (in), WIND SPEED (mph)

                                         HEAT   COOL         AVG
      MEAN                               DEG    DEG          WIND                   DOM
DAY   TEMP   HIGH   TIME    LOW   TIME   DAYS   DAYS   RAIN  SPEED   HIGH   TIME    DIR
---------------------------------------------------------------------------------------
 01   69.4   80.4  14:05   61.9  02:24    0.0    4.4   0.28    0.1    7.0  15:13     85
 02   70.1   80.7  16:16   60.7  23:59    0.0    5.1   0.00    0.0    6.0  15:51     97
 03   69.7   81.8  17:17   59.3  02:02    0.0    4.7   0.00    0.1    7.0  17:06     52
 04   66.6   77.2  11:29   59.6  04:27    0.0    1.6   0.57    0.1    8.0  12:10    338
 05   66.0   74.6  16:01   56.5  00:00    0.0    1.0   0.36    0.3   11.0  16:59    331
 06   63.3   77.6  16:41   49.2  06:52    1.7    0.0   0.03    0.1    7.0  13:34    337
 07   66.6   80.8  16:40   52.2  07:15    0.0    1.6   0.00    0.0    7.0  14:44    355
 08   70.0   79.0  17:21   59.4  07:00    0.0    5.0   0.00    0.3    9.0  14:30    115
 09   69.4   76.5  13:27   63.0  00:00    0.0    4.4   0.17    0.2    6.0  05:48    114
 10   69.2   79.4  16:43   60.3  05:26    0.0    4.2   0.04    0.0    5.0  11:16     96
 11   69.4   74.6  18:05   66.0  03:53    0.0    4.4   0.64    0.0    8.0  23:15     57
 12   66.5   70.8  16:15   63.4  23:55    0.0    1.5   0.03    0.1    8.0  17:09     43
 13   60.9   67.6  16:30   49.8  23:59    4.1    0.0   0.00    0.6   13.0  13:07    334
 14   56.5   68.5  16:48   45.9  06:07    8.5    0.0   0.01    0.6   14.0  12:33    331
 15   56.7   69.5  14:28   43.0  06:24    8.3    0.0   0.39    0.1    5.0  10:02     86
 16   65.9   81.4  17:20   52.6  06:38    0.0    0.9   0.00    0.1   10.0  16:40    349
 17   68.9   83.2  13:41   58.8  05:03    0.0    3.9   0.35    0.1    8.0  14:22    357
 18   71.5   84.9  13:47   58.6  07:10    0.0    6.5   0.00    0.0    6.0  14:09     30
 19   71.9   84.7  14:56   60.0  07:11    0.0    6.9   0.00    0.1    6.0  12:15     86
 20   70.9   82.6  15:24   61.9  00:00    0.0    5.9   0.06    0.1    9.0  15:30    344
 21   70.3   85.7  13:51   54.3  06:54    0.0    5.3   0.00    0.0    7.0  15:18     21
 22   75.5   86.1  13:40   64.2  06:46    0.0   10.5   0.00    0.0    4.0  12:15     93
 23   77.7   87.7  17:25   69.4  06:28    0.0   12.7   0.00    0.1    7.0  02:27     22
 24   76.4   89.1  16:34   66.7  05:54    0.0   11.4   0.00    0.1    5.0  11:58    346
 25   75.9   89.2  13:54   63.7  06:30    0.0   10.9   0.00    0.1    7.0  12:01    344
 26   75.9   89.9  16:37   63.2  06:50    0.0   10.9   0.00    0.1    9.0  16:33      1
 27   74.4   88.4  13:57   61.0  06:53    0.0    9.4   0.00    0.1    7.0  15:38    340
 28   75.6   88.9  17:29   63.1  06:33    0.0   10.6   0.00    0.1   10.0  15:03    355
 29   75.3   89.2  16:33   61.8  07:03    0.0   10.3   0.00    0.2   10.0  14:10    352
 30   74.8   87.9  14:30   63.0  07:04    0.0    9.8   0.00    0.1    9.0  17:14     18
 31   72.6   84.0  16:34   62.3  00:00    0.0    7.6   0.00    0.4   14.0  18:13    341
---------------------------------------------------------------------------------------
      69.8   89.9     26   43.0     15   22.5  171.4   2.93    0.1   14.0     14      1