nws-alerts: Checking more than four warning/county codes can delay the loading of your pages. You should use a cron job to get the data.


Report for 2019 August
                   MONTHLY CLIMATOLOGICAL SUMMARY for Aug 2019


NAME: Ellijay, GA                  
ELEV: 1480 feet    LAT: 34-38.16 N    LONG: 084-27.00 W


                   TEMPERATURE (F), RAIN (in), WIND SPEED (mph)

                                         HEAT   COOL         AVG
      MEAN                               DEG    DEG          WIND                   DOM
DAY   TEMP   HIGH   TIME    LOW   TIME   DAYS   DAYS   RAIN  SPEED   HIGH   TIME    DIR
---------------------------------------------------------------------------------------
 01   74.3   87.7  13:26   64.9  07:13    0.0    9.3   0.00    0.1    7.0  17:55    340
 02   73.9   82.5  13:41   65.4  07:22    0.0    8.9   0.02    0.1    5.0  13:44     82
 03   73.9   84.0  13:41   65.7  07:11    0.0    8.9   0.00    0.0    5.0  13:36    329
 04   72.2   83.5  14:44   66.6  06:57    0.0    7.2   0.24    0.1    5.0  10:52    340
 05   73.0   85.2  13:10   66.9  07:16    0.0    8.0   0.22    0.0    7.0  14:35    323
 06   73.8   85.6  15:08   64.3  07:11    0.0    8.8   0.00    0.1    9.0  13:53    355
 07   75.7   88.1  14:54   65.4  07:06    0.0   10.7   0.00    0.1   11.0  14:51    346
 08   76.5   87.2  14:47   66.2  07:14    0.0   11.5   0.00    0.1    7.0  12:15    349
 09   77.7   89.6  16:43   68.5  06:39    0.0   12.7   0.00    0.1    8.0  15:46    345
 10   79.1   90.0  14:07   71.6  06:29    0.0   14.1   0.00    0.2   10.0  14:58    343
 11   79.1   90.8  15:23   69.0  07:13    0.0   14.1   0.00    0.1    5.0  12:44    339
 12   79.9   90.0  16:30   69.8  07:16    0.0   14.9   0.00    0.0    3.0  09:39    352
 13   81.7   94.3  15:49   71.3  23:16    0.0   16.7   0.59    0.2   19.0  21:15    340
 14   76.6   88.0  16:14   69.9  04:48    0.0   11.6   0.07    0.2    9.0  16:51    338
 15   75.7   87.7  14:53   65.8  07:09    0.0   10.7   0.00    0.3   11.0  11:53    334
 16   73.8   88.3  14:58   60.9  07:19    0.0    8.8   0.00    0.1    6.0  12:54    331
 17   75.4   90.7  15:08   62.6  07:27    0.0   10.4   0.00    0.1    6.0  13:17    333
 18   77.9   92.4  15:02   66.9  07:29    0.0   12.9   0.00    0.1    7.0  14:19    337
 19   74.0   91.5  13:23   68.5  07:14    0.0    9.0   0.04    0.0   10.0  13:50    336
 20   76.0   88.7  14:38   64.4  07:24    0.0   11.0   0.00    0.0    6.0  13:30    339
 21   76.5   87.7  15:16   68.9  06:51    0.0   11.5   0.42    0.0    5.0  12:42    360
 22   77.2   89.0  15:37   69.5  07:16    0.0   12.2   0.00    0.1    6.0  18:13    358
 23   74.9   86.3  15:18   69.3  23:46    0.0    9.9   0.47    0.1   11.0  14:03    327
 24   73.4   86.5  14:24   66.7  07:36    0.0    8.4   0.31    0.0    5.0  23:59      1
 25   68.8   72.6  16:50   66.5  06:58    0.0    3.8   0.02    0.2    7.0  10:04    125
 26   69.2   74.1  15:51   67.0  07:02    0.0    4.2   0.32    0.5   12.0  11:23    122
 27   71.4   79.0  17:17   67.5  00:01    0.0    6.4   0.34    0.0    5.0  02:42    112
 28   74.0   84.6  15:01   65.4  23:53    0.0    9.0   0.00    0.3   10.0  12:30    342
 29   67.9   81.8  15:43   55.7  07:34    0.0    2.9   0.00    0.1    6.0  13:14    327
 30   68.6   84.2  17:01   54.5  07:46    0.0    3.6   0.00    0.1    6.0  15:09    324
 31   71.0   85.1  15:11   58.6  06:47    0.0    6.0   0.00    0.0    4.0  14:02    311
---------------------------------------------------------------------------------------
      74.6   94.3     13   54.5     30    0.0  298.1   3.06    0.1   19.0     13    355