nws-alerts: Checking more than four warning/county codes can delay the loading of your pages. You should use a cron job to get the data.


Report for 2019 October
                   MONTHLY CLIMATOLOGICAL SUMMARY for Oct 2019


NAME: Ellijay, GA                  
ELEV: 1480 feet    LAT: 34-38.16 N    LONG: 084-27.00 W


                   TEMPERATURE (F), RAIN (in), WIND SPEED (mph)

                                         HEAT   COOL         AVG
      MEAN                               DEG    DEG          WIND                   DOM
DAY   TEMP   HIGH   TIME    LOW   TIME   DAYS   DAYS   RAIN  SPEED   HIGH   TIME    DIR
---------------------------------------------------------------------------------------
 01   76.3   90.0  15:20   66.5  07:35    0.0   11.3   0.00    0.1    6.0  16:02    329
 02   76.0   90.7  14:30   65.6  07:24    0.0   11.0   0.00    0.1    7.0  14:32    333
 03   75.7   92.9  15:09   64.0  07:51    0.0   10.7   0.00    0.1    7.0  13:36    349
 04   74.4   89.5  15:11   60.6  07:34    0.0    9.4   0.00    0.2   10.0  14:07    330
 05   68.0   74.6  09:19   63.4  23:32    0.0    3.0   0.00    1.3   17.0  13:19    124
 06   66.4   72.4  17:20   61.5  05:33    0.0    1.4   0.00    0.2    8.0  01:22    129
 07   69.7   75.4  15:50   64.5  23:58    0.0    4.7   0.11    0.0    6.0  14:34    336
 08   67.5   77.2  17:11   61.9  04:03    0.0    2.5   0.00    0.0    5.0  11:31    350
 09   65.7   71.8  16:17   59.5  23:54    0.0    0.7   0.00    0.1    6.0  10:01    138
 10   64.0   75.6  16:36   55.3  06:43    1.0    0.0   0.00    0.1    7.0  09:30    135
 11   64.0   77.3  14:58   52.7  08:07    1.0    0.0   0.00    0.0    4.0  11:36     14
 12   63.9   72.8  13:01   55.8  23:03    1.1    0.0   0.00    0.0    5.0  11:27    342
 13   59.9   66.5  15:25   55.0  23:58    5.1    0.0   0.04    0.0    1.0  13:07     22
 14   59.4   74.8  16:34   50.2  08:48    5.6    0.0   0.00    0.1    6.0  12:08    339
 15   61.9   73.1  12:57   54.8  01:05    3.1    0.0   0.00    0.0    5.0  17:42    137
 16   59.6   64.7  15:18   50.2  23:55    5.4    0.0   0.03    0.3   14.0  20:49    332
 17   50.3   62.0  16:38   42.4  08:03   14.7    0.0   0.00    0.3   13.0  01:20    339
 18   50.1   67.3  15:45   34.4  08:06   14.9    0.0   0.00    0.0    3.0  14:12    327
 19   56.6   59.5  09:36   51.2  00:01    8.4    0.0   2.30    0.1    7.0  05:11    130
 20   61.2   70.8  16:59   54.5  23:58    3.8    0.0   0.01    0.2    9.0  13:39    328
 21   60.5   70.6  15:19   48.6  07:10    4.5    0.0   0.02    0.1    6.0  23:56    127
 22   61.1   70.7  03:14   45.5  00:00    3.9    0.0   0.10    0.3   10.0  13:18    355
 23   48.2   64.2  16:27   35.5  08:04   16.8    0.0   0.00    0.1    8.0  12:00    332
 24   50.7   67.1  15:46   36.9  08:21   14.3    0.0   0.00    0.0    6.0  12:21    121
 25   58.2   64.4  22:54   50.7  00:01    6.8    0.0   0.09    0.1    8.0  21:31    135
 26   65.6   70.7  22:26   62.7  00:47    0.0    0.6   0.93    0.7   11.0  10:23    125
 27   61.6   70.3  15:24   51.3  23:56    3.4    0.0   0.10    0.2   10.0  11:27    344
 28   57.9   75.4  15:22   44.1  08:17    7.1    0.0   0.00    0.1    6.0  13:34    125
 29   61.2   73.6  15:06   49.7  05:34    3.8    0.0   0.00    0.0    5.0  14:00    132
 30   65.0   69.0  23:55   62.7  16:32    0.0    0.0   1.84    0.0    6.0  12:30    135
 31   58.0   70.5  11:48   35.5  23:58    7.0    0.0   0.81    0.4   15.0  18:35    334
---------------------------------------------------------------------------------------
      62.5   92.9     03   34.4     18  131.7   55.4   6.38    0.2   17.0     05     93