nws-alerts: Checking more than four warning/county codes can delay the loading of your pages. You should use a cron job to get the data.


Report for 2019 November
                   MONTHLY CLIMATOLOGICAL SUMMARY for Nov 2019


NAME: Ellijay, GA                  
ELEV: 1480 feet    LAT: 34-38.16 N    LONG: 084-27.00 W


                   TEMPERATURE (F), RAIN (in), WIND SPEED (mph)

                                         HEAT   COOL         AVG
      MEAN                               DEG    DEG          WIND                   DOM
DAY   TEMP   HIGH   TIME    LOW   TIME   DAYS   DAYS   RAIN  SPEED   HIGH   TIME    DIR
---------------------------------------------------------------------------------------
 01   40.3   54.6  15:34   32.4  06:48   24.7    0.0   0.00    0.4   13.0  00:47    332
 02   40.6   57.0  15:11   30.6  08:08   24.4    0.0   0.00    0.1   11.0  16:36    332
 03   41.3   58.2  14:49   29.6  06:54   23.7    0.0   0.00    0.0    6.0  13:34    328
 04   45.2   56.6  14:28   32.3  04:27   19.8    0.0   0.00    0.0    6.0  11:17    128
 05   53.4   67.2  15:00   43.1  23:57   11.6    0.0   0.00    0.1    8.0  12:13    340
 06   51.5   70.3  14:17   36.0  06:55   13.5    0.0   0.00    0.0    5.0  14:35     22
 07   57.5   65.1  14:22   51.7  00:00    7.5    0.0   0.40    0.1   10.0  23:31    343
 08   42.4   51.7  00:01   30.0  23:46   22.6    0.0   0.00    0.7   15.0  06:06    327
 09   41.1   53.0  14:52   29.9  00:06   23.9    0.0   0.00    0.0    5.0  09:59    126
 10   43.7   62.5  14:54   30.4  04:44   21.3    0.0   0.00    0.1    6.0  14:39    331
 11   48.8   63.3  14:18   34.1  07:24   16.2    0.0   0.02    0.1    9.0  14:22      1
 12   35.1   52.2  02:21   22.3  23:30   29.9    0.0   0.49    1.8   22.0  15:47    332
 13   30.2   44.8  15:13   17.1  07:12   34.8    0.0   0.00    0.1   10.0  22:37    125
 14   39.9   45.9  14:19   33.4  03:15   25.1    0.0   0.06    0.0    7.0  03:17    126
 15   45.5   53.6  14:32   38.6  23:59   19.5    0.0   0.22    0.2   11.0  19:15    328
 16   42.2   59.8  14:04   30.2  07:26   22.8    0.0   0.00    0.1    7.0  13:38    338
 17   46.0   63.6  14:12   30.8  07:07   19.0    0.0   0.00    0.0    6.0  12:46    336
 18   47.4   58.0  14:19   38.1  22:06   17.6    0.0   0.00    0.1    8.0  12:56    337
 19   45.3   56.4  14:24   38.5  23:47   19.7    0.0   0.00    0.1    8.0  13:52    339
 20   45.9   60.0  14:19   34.6  06:42   19.1    0.0   0.00    0.2   10.0  10:37    327
 21   49.0   64.3  15:29   35.1  07:39   16.0    0.0   0.00    0.0    6.0  11:55    102
 22   52.3   59.6  11:45   43.5  04:16   12.7    0.0   0.24    0.0    3.0  10:36    339
 23   56.7   62.7  15:43   43.4  23:51    8.3    0.0   1.01    0.3   12.0  13:45     40
 24   41.4   47.8  15:05   31.1  23:52   23.6    0.0   0.00    0.2   10.0  07:28    326
 25   40.1   59.4  14:43   27.8  07:18   24.9    0.0   0.00    0.0    6.0  12:32    336
 26   46.3   61.8  14:49   31.2  05:09   18.7    0.0   0.01    0.0    5.0  16:26    125
 27   57.9   67.8  12:49   43.8  22:48    7.1    0.0   0.12    0.3   11.0  06:30      8
 28   50.3   61.0  15:01   42.2  05:09   14.7    0.0   0.00    1.1   16.0  12:16    326
 29   54.2   61.8  15:00   48.3  06:42   10.8    0.0   0.00    0.0    3.0  01:58    340
 30   57.2   67.6  14:23   48.3  01:53    7.8    0.0   0.17    0.0    4.0  13:38     50
---------------------------------------------------------------------------------------
      46.3   70.3     06   17.1     13  561.2    0.0   2.74    0.2   22.0     12    334