nws-alerts: Checking more than four warning/county codes can delay the loading of your pages. You should use a cron job to get the data.


Report for 2019 December
                   MONTHLY CLIMATOLOGICAL SUMMARY for Dec 2019


NAME: Ellijay, GA                  
ELEV: 1480 feet    LAT: 34-38.16 N    LONG: 084-27.00 W


                   TEMPERATURE (F), RAIN (in), WIND SPEED (mph)

                                         HEAT   COOL         AVG
      MEAN                               DEG    DEG          WIND                   DOM
DAY   TEMP   HIGH   TIME    LOW   TIME   DAYS   DAYS   RAIN  SPEED   HIGH   TIME    DIR
---------------------------------------------------------------------------------------
 01   55.2   61.7  03:44   43.1  23:48    9.8    0.0   0.72    0.2   12.0  12:13     19
 02   38.0   43.1  00:02   34.7  23:49   27.0    0.0   0.00    0.9   16.0  13:23    327
 03   36.5   45.7  14:26   28.8  00:00   28.5    0.0   0.00    0.3   12.0  12:55    333
 04   38.5   54.4  15:13   26.7  07:36   26.5    0.0   0.00    0.3   13.0  12:11    323
 05   44.2   60.9  14:59   31.1  05:30   20.8    0.0   0.00    0.1    8.0  12:15    324
 06   47.0   58.6  12:37   39.8  00:01   18.0    0.0   0.01    0.0    5.0  14:42    122
 07   48.1   61.7  13:55   37.6  07:59   16.9    0.0   0.00    0.1    7.0  11:23    120
 08   48.3   53.8  14:29   38.9  00:01   16.7    0.0   0.00    0.8   14.0  10:06    126
 09   50.5   59.3  23:36   43.9  01:43   14.5    0.0   0.03    0.1    8.0  02:48    129
 10   49.6   59.2  00:01   36.3  00:00   15.4    0.0   0.76    0.9   16.0  19:21    330
 11   36.2   46.6  14:53   27.5  23:36   28.8    0.0   0.00    1.0   16.0  13:01    328
 12   36.9   49.4  14:22   24.1  07:29   28.1    0.0   0.06    0.4   12.0  11:47    123
 13   44.9   49.4  14:30   37.6  00:48   20.1    0.0   0.23    0.1    7.0  00:05    129
 14   44.7   50.5  14:55   37.5  23:57   20.3    0.0   0.03    0.2    8.0  11:38    328
 15   44.7   58.0  14:59   31.0  04:06   20.3    0.0   0.00    0.0    5.0  23:13     30
 16   59.7   65.4  15:33   55.0  06:10    5.3    0.0   0.17    0.2    9.0  22:19    115
 17   49.1   60.4  07:07   33.4  23:57   15.9    0.0   2.14    0.7   22.0  21:07    328
 18   33.9   44.2  14:06   27.4  23:25   31.1    0.0   0.00    0.7   15.0  00:19    335
 19   34.9   51.3  15:18   24.6  07:50   30.1    0.0   0.00    0.1   10.0  02:03    324
 20   38.5   55.2  15:01   23.8  07:27   26.5    0.0   0.00    0.0    6.0  22:41    121
 21   48.7   52.2  15:08   45.8  22:00   16.3    0.0   0.00    0.2    8.0  01:02    127
 22   47.1   53.0  23:18   42.6  08:01   17.9    0.0   0.81    0.1   10.0  23:45     39
 23   55.4   60.9  15:06   51.9  04:17    9.6    0.0   0.28    0.2    9.0  00:20     21
 24   52.2   66.2  14:53   41.2  08:03   12.8    0.0   0.00    0.0    5.0  14:08    342
 25   48.0   64.9  14:28   36.4  07:16   17.0    0.0   0.00    0.0    4.0  15:51    327
 26   45.6   63.0  13:45   33.5  07:25   19.4    0.0   0.00    0.0    4.0  13:44    322
 27   50.0   63.9  14:30   37.6  04:07   15.0    0.0   0.00    0.0    4.0  12:25    323
 28   59.0   66.5  13:00   50.9  04:59    6.0    0.0   0.00    0.2    9.0  10:54    123
 29   64.5   69.1  14:16   60.0  01:07    0.5    0.0   0.10    0.0    0.0  00:01    N/A
 30   51.2   67.5  00:27   42.2  00:00   13.8    0.0   0.34    0.2    9.0  10:38    332
 31   39.5   48.3  15:06   30.5  08:06   25.5    0.0   0.00    0.1   14.0  16:26    328
---------------------------------------------------------------------------------------
      46.5   69.1     29   23.8     20  574.1    0.0   5.68    0.3   22.0     17    346