nws-alerts: Checking more than four warning/county codes can delay the loading of your pages. You should use a cron job to get the data.


Report for 2020 January
                   MONTHLY CLIMATOLOGICAL SUMMARY for Jan 2020


NAME: Ellijay, GA                  
ELEV: 1480 feet    LAT: 34-38.16 N    LONG: 084-27.00 W


                   TEMPERATURE (F), RAIN (in), WIND SPEED (mph)

                                         HEAT   COOL         AVG
      MEAN                               DEG    DEG          WIND                   DOM
DAY   TEMP   HIGH   TIME    LOW   TIME   DAYS   DAYS   RAIN  SPEED   HIGH   TIME    DIR
---------------------------------------------------------------------------------------
 01   37.1   51.5  14:25   26.3  07:46   27.9    0.0   0.00    0.1    7.0  13:43    330
 02   43.5   50.3  23:57   37.1  00:04   21.5    0.0   1.64    0.1    6.0  23:28    124
 03   58.5   60.6  11:16   50.0  00:13    6.5    0.0   0.77    0.1    9.0  01:13    122
 04   47.8   56.0  00:01   35.7  00:00   17.2    0.0   0.15    0.7   18.0  19:34    319
 05   36.8   47.8  15:16   29.1  08:03   28.2    0.0   0.00    0.1    8.0  01:28    329
 06   39.7   57.7  15:26   27.5  07:19   25.3    0.0   0.00    0.1    6.0  13:10    338
 07   45.7   51.8  15:02   34.8  23:57   19.3    0.0   0.13    0.4   12.0  09:50    322
 08   39.4   56.7  14:49   26.4  07:48   25.6    0.0   0.00    0.1   11.0  12:57    320
 09   52.8   52.9  23:54   52.8  23:55   12.2    0.0   0.00    0.0    0.0  23:54    N/A
 10   57.0   64.0  15:26   50.9  05:07    8.0    0.0   0.00    0.0    0.0  00:01    N/A
 11   63.3   67.5  15:57   56.7  00:00    1.7    0.0   1.47    0.1    8.0  19:15    108
 12   51.4   62.0  15:35   41.8  08:23   13.6    0.0   0.01    0.1    4.0  12:18     27
 13   56.4   64.7  14:35   50.0  00:01    8.6    0.0   0.12    0.0    3.0  12:38     51
 14   58.4   61.4  00:34   53.6  23:34    6.6    0.0   0.72    0.1    8.0  14:59    344
 15   59.0   63.1  14:30   53.7  00:02    6.0    0.0   0.20    0.0    4.0  23:20     54
 16   54.6   63.0  00:29   45.5  23:58   10.4    0.0   0.31    0.5   15.0  11:33    338
 17   42.5   49.8  12:37   32.7  05:05   22.5    0.0   0.01    1.2   14.0  22:12    124
 18   43.0   47.5  19:19   36.4  07:51   22.0    0.0   0.51    1.2   17.0  03:02    123
 19   38.4   46.9  02:36   27.0  23:57   26.6    0.0   0.00    1.3   15.0  11:07    321
 20   25.7   32.7  14:44   21.8  07:32   39.3    0.0   0.00    1.9   15.0  10:52    338
 21   27.1   36.6  14:52   19.8  01:39   37.9    0.0   0.00    0.7   13.0  12:12    331
 22   31.6   49.3  14:46   15.8  07:28   33.4    0.0   0.00    0.2   10.0  23:20    122
 23   43.2   48.0  15:29   39.1  04:28   21.8    0.0   0.15    2.0   17.0  01:57    125
 24   44.0   48.5  14:14   40.4  00:00   21.0    0.0   0.33    0.5   12.0  01:13    118
 25   37.6   42.3  15:31   29.4  23:49   27.4    0.0   0.00    0.6   11.0  02:06    325
 26   37.8   49.4  14:44   27.3  07:59   27.2    0.0   0.00    0.1    8.0  11:58    332
 27   41.1   47.1  16:35   32.0  23:55   23.9    0.0   0.17    0.0    4.0  16:09    349
 28   39.0   56.1  14:36   27.9  08:01   26.0    0.0   0.00    0.3   11.0  16:06    327
 29   39.2   49.1  14:42   30.1  03:38   25.8    0.0   0.00    0.0    3.0  12:15    338
 30   44.1   58.2  15:10   31.8  08:12   20.9    0.0   0.00    0.1    5.0  12:47    318
 31   40.5   43.9  16:57   36.1  02:36   24.5    0.0   0.03    0.6   11.0  09:47    124
---------------------------------------------------------------------------------------
      44.1   67.5     11   15.8     22  638.7    0.0   6.72    0.4   18.0     04     41