nws-alerts: Checking more than four warning/county codes can delay the loading of your pages. You should use a cron job to get the data.


Report for 2020 February
                   MONTHLY CLIMATOLOGICAL SUMMARY for Feb 2020


NAME: Ellijay, GA                  
ELEV: 1480 feet    LAT: 34-38.16 N    LONG: 084-27.00 W


                   TEMPERATURE (F), RAIN (in), WIND SPEED (mph)

                                         HEAT   COOL         AVG
      MEAN                               DEG    DEG          WIND                   DOM
DAY   TEMP   HIGH   TIME    LOW   TIME   DAYS   DAYS   RAIN  SPEED   HIGH   TIME    DIR
---------------------------------------------------------------------------------------
 01   41.6   46.7  15:40   35.6  02:54   23.4    0.0   0.01    0.1   12.0  20:55    331
 02   43.6   59.5  14:58   29.3  07:47   21.4    0.0   0.00    0.2    9.0  11:54    324
 03   51.5   72.7  14:54   31.8  06:12   13.5    0.0   0.00    0.1    8.0  15:39     73
 04   55.2   61.1  23:00   49.0  03:28    9.8    0.0   0.06    0.0    4.0  15:33    138
 05   61.6   64.7  19:38   59.0  01:47    3.4    0.0   0.79    0.3   12.0  20:25    121
 06   58.2   62.7  04:30   47.2  23:58    6.8    0.0   3.48    0.3   10.0  06:04    102
 07   35.0   47.2  00:00   27.5  23:57   30.0    0.0   0.15    0.7   12.0  02:04    312
 08   30.7   35.8  15:09   25.5  04:29   34.3    0.0   0.08    0.0    2.0  16:44    338
 09   37.2   49.2  14:30   26.0  07:39   27.8    0.0   0.29    0.3    8.0  15:03    133
 10   48.2   54.6  15:58   40.3  00:21   16.8    0.0   1.56    0.2   13.0  11:08    117
 11   59.3   67.7  13:28   53.0  23:54    5.7    0.0   0.46    0.1    9.0  08:18    107
 12   56.6   67.5  21:31   48.7  07:11    8.4    0.0   0.02    0.3   15.0  19:40    119
 13   52.9   65.0  00:00   37.0  23:58   12.1    0.0   1.52    0.5   14.0  16:26    321
 14   38.0   49.7  14:46   28.1  23:56   27.0    0.0   0.00    1.0   12.0  03:25    321
 15   37.5   52.2  15:04   23.2  06:31   27.5    0.0   0.00    0.6    9.0  09:10    121
 16   44.6   54.8  15:17   36.6  23:56   20.4    0.0   0.00    0.0    5.0  03:33    115
 17   48.1   64.1  14:32   31.6  07:53   16.9    0.0   0.00    0.8   12.0  16:18    123
 18   54.4   56.9  17:15   52.0  03:10   10.6    0.0   0.99    0.1    8.0  06:06    131
 19   48.5   55.7  00:05   45.5  22:26   16.5    0.0   0.02    0.5   10.0  05:49    319
 20   40.3   47.0  00:00   35.0  22:52   24.7    0.0   0.61    0.9   12.0  16:54    347
 21   35.2   45.4  15:38   28.3  23:17   29.8    0.0   0.00    1.1   14.0  08:25    328
 22   36.5   53.1  14:41   23.6  07:07   28.5    0.0   0.00    0.1    7.0  12:22    329
 23   40.7   53.4  13:02   29.1  03:43   24.3    0.0   0.00    0.1    6.0  12:22    337
 24   43.6   47.8  23:46   41.2  06:59   21.4    0.0   1.02    0.2    9.0  20:19    118
 25   52.0   59.7  14:41   44.5  23:58   13.0    0.0   0.03    0.1    7.0  00:29     60
 26   42.6   52.6  10:41   35.3  23:57   22.4    0.0   0.09    0.5   11.0  20:33    316
 27   35.1   43.6  15:57   28.8  23:58   29.9    0.0   0.00    1.2   13.0  00:59    318
 28   34.1   43.8  16:12   26.7  02:28   30.9    0.0   0.00    0.2   12.0  16:40    334
 29   37.9   48.6  14:38   27.2  23:52   27.1    0.0   0.02    0.6   17.0  13:26    305
---------------------------------------------------------------------------------------
      44.9   72.7     03   23.2     15  584.2    0.0  11.20    0.4   17.0     29    340