nws-alerts: Checking more than four warning/county codes can delay the loading of your pages. You should use a cron job to get the data.


Report for 2020 March
                   MONTHLY CLIMATOLOGICAL SUMMARY for Mar 2020


NAME: Ellijay, GA                  
ELEV: 1480 feet    LAT: 34-38.16 N    LONG: 084-27.00 W


                   TEMPERATURE (F), RAIN (in), WIND SPEED (mph)

                                         HEAT   COOL         AVG
      MEAN                               DEG    DEG          WIND                   DOM
DAY   TEMP   HIGH   TIME    LOW   TIME   DAYS   DAYS   RAIN  SPEED   HIGH   TIME    DIR
---------------------------------------------------------------------------------------
 01   43.0   62.3  14:52   24.3  06:21   22.0    0.0   0.00    0.2    8.0  11:48     47
 02   50.2   54.0  00:26   46.7  10:28   14.8    0.0   0.72    0.2    9.0  13:01    116
 03   57.6   66.4  15:55   50.5  00:00    7.4    0.0   0.66    0.2   11.0  15:27    337
 04   52.1   57.2  12:47   48.2  07:09   12.9    0.0   0.01    0.1    8.0  19:06    332
 05   48.3   50.8  17:17   44.9  21:50   16.7    0.0   0.37    0.2    8.0  10:52    112
 06   44.1   50.7  13:47   36.0  23:54   20.9    0.0   0.00    2.0   22.0  13:57    309
 07   41.8   56.9  15:45   31.8  06:07   23.2    0.0   0.00    1.2   16.0  08:14    325
 08   45.0   61.1  16:40   28.7  08:10   20.0    0.0   0.00    0.3    8.0  15:37    135
 09   50.7   65.1  14:29   34.1  07:51   14.3    0.0   0.00    0.5    9.0  12:35    121
 10   57.1   60.8  02:01   52.5  09:19    7.9    0.0   0.64    0.1    6.0  04:25    122
 11   60.3   68.6  15:30   55.6  23:56    4.7    0.0   0.03    0.1   11.0  13:31    347
 12   60.8   68.7  17:26   54.5  01:12    4.2    0.0   0.07    0.1    8.0  17:19    106
 13   62.6   67.7  14:09   57.1  23:55    2.4    0.0   0.24    0.1    7.0  14:31    325
 14   55.9   61.5  10:19   52.5  08:04    9.1    0.0   0.17    0.0    6.0  09:38    120
 15   56.6   59.1  14:30   53.2  23:56    8.4    0.0   0.21    0.0    5.0  08:28    333
 16   52.2   53.7  03:19   50.3  23:29   12.8    0.0   0.00    0.2    6.0  20:34    126
 17   55.3   67.0  17:40   48.9  01:38    9.7    0.0   0.52    0.1    6.0  16:01    334
 18   57.9   67.2  16:22   47.5  05:04    7.1    0.0   0.00    0.4   11.0  12:51    125
 19   65.4   76.5  17:55   53.3  07:55    0.0    0.4   0.00    0.2   11.0  13:25    128
 20   65.2   75.0  16:00   58.7  08:36    0.0    0.2   0.15    0.1    9.0  20:00    354
 21   59.6   68.0  15:05   48.2  23:57    5.4    0.0   0.06    0.4   10.0  21:31    328
 22   51.9   61.2  11:46   42.1  04:36   13.1    0.0   0.01    1.3   13.0  11:54    124
 23   51.7   54.6  19:06   48.4  09:48   13.3    0.0   1.41    0.5    9.0  02:44    122
 24   56.7   60.7  17:10   53.4  05:36    8.3    0.0   1.80    0.1    7.0  12:24    321
 25   58.6   68.6  15:02   49.0  23:59    6.4    0.0   0.05    0.3    8.0  10:50    327
 26   57.9   72.0  17:38   41.5  06:29    7.1    0.0   0.00    0.5   11.0  08:44    124
 27   66.0   82.9  17:27   50.1  07:39    0.0    1.0   0.00    0.2    9.0  15:22     76
 28   67.4   80.2  15:17   54.3  07:59    0.0    2.4   0.00    0.2    9.0  12:16     50
 29   68.6   76.5  15:16   60.9  23:57    0.0    3.6   0.14    0.2   11.0  14:45    326
 30   62.0   72.4  13:29   55.6  08:03    3.0    0.0   0.00    0.5   11.0  07:07    329
 31   51.9   57.5  14:16   46.3  23:58   13.1    0.0   0.47    0.7   15.0  23:19    349
---------------------------------------------------------------------------------------
      56.0   82.9     27   24.3     01  288.1    7.6   7.73    0.4   22.0     06     44