nws-alerts: Checking more than four warning/county codes can delay the loading of your pages. You should use a cron job to get the data.


Report for 2020 April
                   MONTHLY CLIMATOLOGICAL SUMMARY for Apr 2020


NAME: Ellijay, GA                  
ELEV: 1480 feet    LAT: 34-38.16 N    LONG: 084-27.00 W


                   TEMPERATURE (F), RAIN (in), WIND SPEED (mph)

                                         HEAT   COOL         AVG
      MEAN                               DEG    DEG          WIND                   DOM
DAY   TEMP   HIGH   TIME    LOW   TIME   DAYS   DAYS   RAIN  SPEED   HIGH   TIME    DIR
---------------------------------------------------------------------------------------
 01   46.2   54.7  16:34   39.8  07:10   18.8    0.0   0.00    1.1   15.0  00:33    337
 02   50.4   66.5  15:20   32.1  07:29   14.6    0.0   0.00    0.3    9.0  12:51    328
 03   56.7   75.8  14:54   36.0  07:13    8.3    0.0   0.00    0.3   10.0  12:36    329
 04   62.3   78.1  14:47   51.2  05:57    2.7    0.0   0.00    0.2   11.0  12:16    329
 05   63.2   79.8  14:44   48.1  06:58    1.8    0.0   0.00    0.2    8.0  13:27      4
 06   64.4   81.8  14:56   46.7  07:22    0.6    0.0   0.00    0.1    8.0  13:21    350
 07   64.5   75.9  14:33   54.6  07:43    0.5    0.0   0.00    0.2    8.0  13:09    340
 08   66.5   80.0  15:24   56.1  02:52    0.0    1.5   0.00    0.1    9.0  14:32    340
 09   64.7   72.3  15:32   56.1  23:22    0.3    0.0   0.06    0.5   17.0  11:32    314
 10   51.8   60.2  00:19   37.4  23:59   13.2    0.0   0.00    1.5   25.0  07:38    329
 11   50.2   68.9  16:50   30.1  07:06   14.8    0.0   0.00    0.1    7.0  13:49     62
 12   55.8   68.4  23:21   44.9  03:19    9.2    0.0   1.12    1.1   13.0  18:19    120
 13   61.7   68.5  00:05   51.3  23:59    3.3    0.0   1.62    0.1    8.0  18:04    327
 14   52.4   65.2  14:14   40.3  07:23   12.6    0.0   0.00    0.6   14.0  20:47    333
 15   47.2   59.6  17:11   37.0  23:57   17.8    0.0   0.00    1.4   19.0  08:56    329
 16   47.7   65.5  14:52   29.8  07:04   17.3    0.0   0.00    0.3   13.0  14:13    328
 17   54.4   71.5  15:34   34.0  07:22   10.6    0.0   0.00    0.2    8.0  10:59    121
 18   57.3   64.3  16:08   42.7  23:59    7.7    0.0   0.33    0.5   11.0  09:34    336
 19   49.9   65.0  16:37   38.7  05:13   15.1    0.0   0.64    0.1    7.0  12:41     50
 20   57.7   68.7  16:38   48.0  23:58    7.3    0.0   0.87    0.4   18.0  12:03    338
 21   56.9   72.2  15:22   42.6  06:03    8.1    0.0   0.00    0.3   14.0  12:48    334
 22   57.2   71.5  16:40   39.9  07:21    7.8    0.0   0.03    0.2    8.0  10:29    339
 23   55.4   60.5  20:35   50.8  04:57    9.6    0.0   0.90    0.7   16.0  08:54    120
 24   60.3   66.1  17:14   50.9  23:54    4.7    0.0   0.01    0.2   13.0  11:20    342
 25   59.5   74.4  16:51   47.2  03:24    5.5    0.0   0.26    0.3   11.0  16:49    111
 26   53.2   58.6  00:36   47.4  21:56   11.8    0.0   0.00    0.8   15.0  20:11    326
 27   55.0   70.5  15:32   38.7  06:52   10.0    0.0   0.00    0.7   16.0  10:57    333
 28   59.4   77.1  15:21   41.9  05:28    5.6    0.0   0.00    0.1    6.0  11:47     39
 29   62.2   67.9  12:13   54.0  23:49    2.8    0.0   0.71    0.3   15.0  19:51    107
 30   53.0   58.8  17:26   45.8  23:46   12.0    0.0   0.02    0.1   10.0  11:39    339
---------------------------------------------------------------------------------------
      56.6   81.8     06   29.8     16  254.5    1.5   6.57    0.4   25.0     10    345