nws-alerts: Checking more than four warning/county codes can delay the loading of your pages. You should use a cron job to get the data.


Report for 2020 May
                   MONTHLY CLIMATOLOGICAL SUMMARY for May 2020


NAME: Ellijay                  
ELEV: 1480 feet    LAT: 34-38.16 N    LONG: 084-27.00 W


                   TEMPERATURE (F), RAIN (in), WIND SPEED (mph)

                                         HEAT   COOL         AVG
      MEAN                               DEG    DEG          WIND                   DOM
DAY   TEMP   HIGH   TIME    LOW   TIME   DAYS   DAYS   RAIN  SPEED   HIGH   TIME    DIR
---------------------------------------------------------------------------------------
 01   57.0   71.8  17:12   42.6  07:28    8.0    0.0   0.00    0.7   15.0  10:16    329
 02   60.8   79.6  16:09   42.2  04:46    4.2    0.0   0.00    0.2    9.0  12:58    352
 03   66.5   82.1  16:22   49.4  06:36    0.0    1.5   0.00    0.3   11.0  21:18    360
 04   68.2   81.8  15:13   55.5  06:40    0.0    3.2   0.00    0.1    9.0  12:27    344
 05   65.5   74.3  13:18   57.9  06:38    0.0    0.5   0.57    0.1   15.0  18:07    359
 06   52.2   64.8  13:04   39.8  23:58   12.8    0.0   0.04    0.8   16.0  17:32    326
 07   49.3   66.1  16:40   33.7  07:02   15.7    0.0   0.00    0.4   14.0  12:13    342
 08   48.9   55.2  11:33   42.1  01:44   16.1    0.0   0.69    0.1   11.0  22:01    343
 09   48.8   60.4  16:36   39.5  23:59   16.2    0.0   0.01    1.0   14.0  03:50    334
 10   50.6   68.5  15:29   31.6  06:56   14.4    0.0   0.00    0.2    8.0  14:23      3
 11   52.6   63.4  16:28   42.1  03:59   12.4    0.0   0.00    0.6   14.0  11:02    343
 12   50.6   63.8  14:16   37.4  04:25   14.4    0.0   0.01    0.0    6.0  15:03    328
 13   60.5   72.1  15:27   49.3  00:32    4.5    0.0   0.00    0.0    4.0  14:06     63
 14   67.2   77.1  16:56   60.5  07:03    0.0    2.2   0.00    0.1    6.0  02:35     71
 15   67.9   79.3  15:04   59.6  01:32    0.0    2.9   0.00    0.1    6.0  03:29     84
 16   67.3   81.3  15:16   53.5  06:56    0.0    2.3   0.00    0.1    6.0  13:47     93
 17   69.2   80.7  14:46   57.9  07:17    0.0    4.2   0.71    0.1    6.0  13:51    131
 18   68.1   76.6  13:29   62.9  23:42    0.0    3.1   0.39    0.1    7.0  19:14    128
 19   64.4   70.9  16:24   58.2  23:46    0.6    0.0   0.14    0.1    8.0  15:40    358
 20   60.0   65.4  12:53   56.2  04:11    5.0    0.0   0.02    0.3    8.0  09:43    115
 21   64.0   74.0  16:24   56.4  00:56    1.0    0.0   0.00    0.0    5.0  14:41     11
 22   64.5   74.1  17:24   58.4  05:50    0.5    0.0   0.57    0.1   15.0  12:01    346
 23   70.7   80.3  16:38   61.6  04:24    0.0    5.7   0.00    0.1    9.0  12:21    351
 24   74.1   87.0  14:32   63.8  06:02    0.0    9.1   0.00    0.1    6.0  12:54    354
 25   72.8   80.4  17:27   64.8  07:17    0.0    7.8   0.00    0.3    7.0  11:16    112
 26   71.0   75.0  17:40   67.6  07:22    0.0    6.0   0.00    0.2    6.0  11:39    120
 27   69.4   72.8  17:35   64.2  23:45    0.0    4.4   0.17    0.0    0.0  00:01    N/A
 28   70.8   79.9  15:25   64.3  00:03    0.0    5.8   0.08    0.1    5.0  13:48     81
 29   71.6   82.4  13:05   63.9  04:13    0.0    6.6   0.00    0.1    8.0  20:00     43
 30   70.4   84.0  15:20   58.3  06:45    0.0    5.4   0.00    0.3    9.0  15:41    349
 31   68.4   82.4  14:38   54.5  06:52    0.0    3.4   0.00    0.2   11.0  12:05    347
---------------------------------------------------------------------------------------
      63.3   87.0     24   31.6     10  125.9   74.0   3.40    0.2   16.0     06    358