nws-alerts: Checking more than four warning/county codes can delay the loading of your pages. You should use a cron job to get the data.


Report for 2020 June
                   MONTHLY CLIMATOLOGICAL SUMMARY for Jun 2020


NAME: Ellijay                  
ELEV: 1480 feet    LAT: 34-38.16 N    LONG: 084-27.00 W


                   TEMPERATURE (F), RAIN (in), WIND SPEED (mph)

                                         HEAT   COOL         AVG
      MEAN                               DEG    DEG          WIND                   DOM
DAY   TEMP   HIGH   TIME    LOW   TIME   DAYS   DAYS   RAIN  SPEED   HIGH   TIME    DIR
---------------------------------------------------------------------------------------
 01   67.6   79.0  17:02   55.7  04:45    0.0    2.6   0.00    0.1    7.0  10:14    109
 02   70.2   84.2  16:24   57.5  06:52    0.0    5.2   0.00    0.1    5.0  11:32      6
 03   73.2   86.8  15:14   60.7  06:23    0.0    8.2   0.00    0.1   12.0  13:35    350
 04   74.1   87.0  16:35   65.5  06:17    0.0    9.1   0.00    0.1    9.0  17:34      7
 05   73.6   82.6  15:02   68.3  08:43    0.0    8.6   1.04    0.1    7.0  13:07    356
 06   76.1   86.0  14:32   68.7  06:46    0.0   11.1   0.00    0.1    5.0  10:28    341
 07   76.4   88.0  15:27   67.3  07:00    0.0   11.4   0.00    0.1    5.0  10:52     52
 08   75.7   82.9  14:56   68.8  04:35    0.0   10.7   0.00    0.2    8.0  08:51    112
 09   75.4   84.5  16:18   70.1  23:27    0.0   10.4   0.90    0.1   11.0  16:26     96
 10   75.1   81.3  13:59   70.0  00:03    0.0   10.1   0.61    0.1    6.0  14:50     72
 11   71.4   80.3  14:39   62.9  07:07    0.0    6.4   0.01    0.6   12.0  16:05    336
 12   70.9   83.7  15:37   58.6  06:34    0.0    5.9   0.00    0.2   10.0  15:44    338
 13   69.6   82.3  17:35   58.2  06:39    0.0    4.6   0.00    0.0    5.0  15:53      6
 14   67.1   78.8  13:20   58.9  06:37    0.0    2.1   0.26    0.1   15.0  17:21     32
 15   63.6   78.9  15:01   55.5  06:14    1.4    0.0   0.20    0.1    8.0  13:25     34
 16   62.9   73.3  16:04   53.7  05:55    2.1    0.0   0.71    0.0    5.0  10:33    335
 17   63.1   70.0  15:26   58.1  06:35    1.9    0.0   0.00    0.1    5.0  10:10    347
 18   65.9   76.9  17:38   56.7  06:50    0.0    0.9   0.00    0.1    5.0  11:17    342
 19   68.0   85.0  15:42   58.6  07:02    0.0    3.0   0.09    0.1    8.0  17:14    334
 20   70.8   86.9  16:00   57.1  06:37    0.0    5.8   0.00    0.1    6.0  14:57    347
 21   71.5   86.8  14:13   61.7  06:54    0.0    6.5   0.30    0.1   14.0  17:47    348
 22   71.7   84.3  13:59   63.7  05:32    0.0    6.7   0.38    0.1    9.0  19:33     19
 23   71.5   79.4  16:49   67.3  00:00    0.0    6.5   0.32    0.1    8.0  11:05     11
 24   71.1   77.9  13:05   67.3  23:55    0.0    6.1   0.11    0.0    7.0  13:52      9
 25   72.2   81.0  16:41   66.4  01:02    0.0    7.2   0.03    0.1    7.0  15:46      3
 26   70.4   76.8  14:06   65.5  23:51    0.0    5.4   0.07    0.1   11.0  14:41      3
 27   69.4   79.6  15:46   64.3  06:45    0.0    4.4   0.06    0.1   10.0  11:36      5
 28   73.3   84.1  13:15   67.2  00:02    0.0    8.3   0.54    0.1   10.0  18:59    356
 29   75.4   87.5  13:44   66.6  06:51    0.0   10.4   0.01    0.2    9.0  12:00    335
 30   71.7   84.7  14:24   66.0  07:01    0.0    6.7   0.16    0.1   20.0  15:30    320
---------------------------------------------------------------------------------------
      71.0   88.0     07   53.7     16    5.5  184.1   5.80    0.1   20.0     30      0